Last updated on 2024-05-12 09:52:37 CEST.
Flavor | Version | Tinstall | Tcheck | Ttotal | Status | Flags |
---|---|---|---|---|---|---|
r-devel-linux-x86_64-debian-clang | 0.3.1 | 13.72 | 138.40 | 152.12 | OK | |
r-devel-linux-x86_64-debian-gcc | 0.3.1 | 12.58 | 102.33 | 114.91 | OK | |
r-devel-linux-x86_64-fedora-clang | 0.3.1 | 192.92 | NOTE | |||
r-devel-linux-x86_64-fedora-gcc | 0.3.1 | 203.18 | NOTE | |||
r-devel-windows-x86_64 | 0.3.1 | 14.00 | 119.00 | 133.00 | OK | |
r-patched-linux-x86_64 | 0.3.1 | 25.12 | 133.72 | 158.84 | OK | |
r-release-linux-x86_64 | 0.3.1 | 13.27 | 133.93 | 147.20 | OK | |
r-release-macos-arm64 | 0.3.1 | 63.00 | OK | |||
r-release-windows-x86_64 | 0.3.1 | 14.00 | 118.00 | 132.00 | OK | |
r-oldrel-macos-arm64 | 0.3.1 | 51.00 | OK | |||
r-oldrel-macos-x86_64 | 0.3.1 | 100.00 | OK | |||
r-oldrel-windows-x86_64 | 0.3.1 | 18.00 | 143.00 | 161.00 | OK |
Version: 0.3.1
Check: package dependencies
Result: NOTE
Imports includes 37 non-default packages.
Importing from so many packages makes the package vulnerable to any of
them becoming unavailable. Move as many as possible to Suggests and
use conditionally.
Flavor: r-devel-linux-x86_64-fedora-clang
Version: 0.3.1
Check: dependencies in R code
Result: NOTE
Namespaces in Imports field not imported from:
‘DT’ ‘Formula’ ‘GGally’ ‘Hmisc’ ‘RPostgres’ ‘colourpicker’ ‘ggpmisc’
‘ggpubr’ ‘glue’ ‘gridExtra’ ‘markdown’ ‘patchwork’ ‘plotly’
‘quantreg’ ‘shinyFiles’ ‘shinyjqui’ ‘shinyjs’ ‘table1’ ‘zoo’
All declared Imports should be used.
Flavors: r-devel-linux-x86_64-fedora-clang, r-devel-linux-x86_64-fedora-gcc