Last updated on 2024-05-13 09:50:45 CEST.
Flavor | Version | Tinstall | Tcheck | Ttotal | Status | Flags |
---|---|---|---|---|---|---|
r-devel-linux-x86_64-debian-clang | 5.1.0 | 10.26 | 121.10 | 131.36 | OK | |
r-devel-linux-x86_64-debian-gcc | 5.1.0 | 8.31 | 87.38 | 95.69 | OK | |
r-devel-linux-x86_64-fedora-clang | 5.1.0 | 159.13 | NOTE | |||
r-devel-linux-x86_64-fedora-gcc | 5.1.0 | 197.40 | NOTE | |||
r-devel-windows-x86_64 | 5.1.0 | 11.00 | 118.00 | 129.00 | OK | |
r-patched-linux-x86_64 | 5.1.0 | 15.95 | 111.63 | 127.58 | OK | |
r-release-linux-x86_64 | 5.1.0 | 9.67 | 114.05 | 123.72 | OK | |
r-release-macos-arm64 | 5.1.0 | 47.00 | OK | |||
r-release-macos-x86_64 | 5.1.0 | 126.00 | OK | |||
r-release-windows-x86_64 | 5.1.0 | 11.00 | 117.00 | 128.00 | OK | |
r-oldrel-macos-arm64 | 5.1.0 | 52.00 | OK | |||
r-oldrel-macos-x86_64 | 5.1.0 | 129.00 | OK | |||
r-oldrel-windows-x86_64 | 5.1.0 | 13.00 | 139.00 | 152.00 | OK |
Version: 5.1.0
Check: data for non-ASCII characters
Result: NOTE
Note: found 138 marked UTF-8 strings
Flavors: r-devel-linux-x86_64-fedora-clang, r-devel-linux-x86_64-fedora-gcc