Last updated on 2024-05-13 09:50:45 CEST.
Flavor | Version | Tinstall | Tcheck | Ttotal | Status | Flags |
---|---|---|---|---|---|---|
r-devel-linux-x86_64-debian-clang | 1.2.2 | 28.42 | 317.41 | 345.83 | NOTE | |
r-devel-linux-x86_64-debian-gcc | 1.2.2 | 22.59 | 223.56 | 246.15 | NOTE | |
r-devel-linux-x86_64-fedora-clang | 1.2.2 | 434.74 | NOTE | |||
r-devel-linux-x86_64-fedora-gcc | 1.2.2 | 558.78 | NOTE | |||
r-devel-windows-x86_64 | 1.2.2 | 25.00 | 192.00 | 217.00 | NOTE | |
r-patched-linux-x86_64 | 1.2.2 | 29.58 | 303.40 | 332.98 | NOTE | |
r-release-linux-x86_64 | 1.2.2 | 27.07 | 295.77 | 322.84 | NOTE | |
r-release-macos-arm64 | 1.2.2 | 91.00 | NOTE | |||
r-release-windows-x86_64 | 1.2.2 | 26.00 | 190.00 | 216.00 | NOTE | |
r-oldrel-macos-arm64 | 1.2.2 | 95.00 | OK | |||
r-oldrel-macos-x86_64 | 1.2.2 | 172.00 | OK | |||
r-oldrel-windows-x86_64 | 1.2.2 | 35.00 | 259.00 | 294.00 | OK |
Version: 1.2.2
Check: Rd files
Result: NOTE
checkRd: (-1) significantTau.Rd:48-51: Lost braces in \itemize; \value handles \item{}{} directly
checkRd: (-1) significantTau.Rd:52-53: Lost braces in \itemize; \value handles \item{}{} directly
Flavors: r-devel-linux-x86_64-debian-clang, r-devel-linux-x86_64-debian-gcc, r-devel-linux-x86_64-fedora-clang, r-devel-linux-x86_64-fedora-gcc, r-devel-windows-x86_64, r-patched-linux-x86_64, r-release-linux-x86_64, r-release-macos-arm64, r-release-windows-x86_64