Last updated on 2024-04-20 09:55:58 CEST.
Flavor | Version | Tinstall | Tcheck | Ttotal | Status | Flags |
---|---|---|---|---|---|---|
r-devel-linux-x86_64-debian-clang | 1.0-10 | 6.45 | 60.10 | 66.55 | OK | |
r-devel-linux-x86_64-debian-gcc | 1.0-10 | 4.45 | 44.72 | 49.17 | OK | |
r-devel-linux-x86_64-fedora-clang | 1.0-10 | 84.73 | NOTE | |||
r-devel-linux-x86_64-fedora-gcc | 1.0-10 | 80.29 | OK | |||
r-prerel-macos-arm64 | 1.0-10 | 25.00 | OK | |||
r-prerel-windows-x86_64 | 1.0-10 | 6.00 | 62.00 | 68.00 | OK | |
r-patched-linux-x86_64 | 1.0-10 | 4.95 | 58.12 | 63.07 | OK | |
r-release-linux-x86_64 | 1.0-10 | 5.09 | 58.39 | 63.48 | OK | |
r-release-macos-arm64 | 1.0-10 | 26.00 | OK | |||
r-release-macos-x86_64 | 1.0-10 | 40.00 | OK | |||
r-release-windows-x86_64 | 1.0-10 | 7.00 | 68.00 | 75.00 | OK | |
r-oldrel-macos-arm64 | 1.0-10 | 28.00 | OK | |||
r-oldrel-windows-x86_64 | 1.0-10 | 8.00 | 77.00 | 85.00 | OK |
Version: 1.0-10
Check: Rd cross-references
Result: NOTE
Undeclared package ‘rgl’ in Rd xrefs
Flavor: r-devel-linux-x86_64-fedora-clang