Last updated on 2025-11-20 09:48:31 CET.
| Flavor | Version | Tinstall | Tcheck | Ttotal | Status | Flags |
|---|---|---|---|---|---|---|
| r-devel-linux-x86_64-debian-clang | 0.4.1 | 2.99 | 58.97 | 61.96 | NOTE | |
| r-devel-linux-x86_64-debian-gcc | 0.4.1 | 2.37 | 43.76 | 46.13 | NOTE | |
| r-devel-linux-x86_64-fedora-clang | 0.4.1 | 13.00 | 85.37 | 98.37 | OK | |
| r-devel-linux-x86_64-fedora-gcc | 0.4.1 | 96.20 | OK | |||
| r-devel-windows-x86_64 | 0.4.1 | 6.00 | 83.00 | 89.00 | OK | |
| r-patched-linux-x86_64 | 0.4.1 | 3.71 | 56.18 | 59.89 | OK | |
| r-release-linux-x86_64 | 0.4.1 | 2.53 | 56.19 | 58.72 | OK | |
| r-release-macos-arm64 | 0.4.1 | OK | ||||
| r-release-macos-x86_64 | 0.4.1 | 3.00 | 87.00 | 90.00 | OK | |
| r-release-windows-x86_64 | 0.4.1 | 7.00 | 83.00 | 90.00 | OK | |
| r-oldrel-macos-arm64 | 0.4.1 | OK | ||||
| r-oldrel-macos-x86_64 | 0.4.1 | 3.00 | 70.00 | 73.00 | OK | |
| r-oldrel-windows-x86_64 | 0.4.1 | 7.00 | 101.00 | 108.00 | OK |
Version: 0.4.1
Check: CRAN incoming feasibility
Result: NOTE
Maintainer: ‘Alex J.C. Witsil <alexjcwitsil@gmail.com>’
No Authors@R field in DESCRIPTION.
Please add one, modifying
Authors@R: person(given = c("Alex", "J.C."),
family = "Witsil",
role = c("aut", "cre"),
email = "alexjcwitsil@gmail.com")
as necessary.
Flavors: r-devel-linux-x86_64-debian-clang, r-devel-linux-x86_64-debian-gcc