Last updated on 2025-11-23 09:50:51 CET.
| Flavor | Version | Tinstall | Tcheck | Ttotal | Status | Flags |
|---|---|---|---|---|---|---|
| r-devel-linux-x86_64-debian-clang | 2.1 | 3.44 | 26.31 | 29.75 | NOTE | |
| r-devel-linux-x86_64-debian-gcc | 2.1 | 2.37 | 19.84 | 22.21 | NOTE | |
| r-devel-linux-x86_64-fedora-clang | 2.1 | 46.50 | OK | |||
| r-devel-linux-x86_64-fedora-gcc | 2.1 | 40.83 | OK | |||
| r-devel-windows-x86_64 | 2.1 | 5.00 | 41.00 | 46.00 | OK | |
| r-patched-linux-x86_64 | 2.1 | 4.47 | 24.60 | 29.07 | OK | |
| r-release-linux-x86_64 | 2.1 | 3.67 | 24.55 | 28.22 | OK | |
| r-release-macos-arm64 | 2.1 | OK | ||||
| r-release-macos-x86_64 | 2.1 | 3.00 | 25.00 | 28.00 | OK | |
| r-release-windows-x86_64 | 2.1 | 4.00 | 42.00 | 46.00 | OK | |
| r-oldrel-macos-arm64 | 2.1 | OK | ||||
| r-oldrel-macos-x86_64 | 2.1 | 3.00 | 20.00 | 23.00 | OK | |
| r-oldrel-windows-x86_64 | 2.1 | 5.00 | 42.00 | 47.00 | OK |
Version: 2.1
Check: CRAN incoming feasibility
Result: NOTE
Maintainer: ‘Di Shu <shudi1991@gmail.com>’
No Authors@R field in DESCRIPTION.
Please add one, modifying
Authors@R: c(person(given = "Di",
family = "Shu",
role = c("aut", "cre"),
email = "shudi1991@gmail.com"),
person(given = c("Grace", "Y."),
family = "Yi",
role = "aut",
email = "yyi@uwaterloo.ca"))
as necessary.
Flavors: r-devel-linux-x86_64-debian-clang, r-devel-linux-x86_64-debian-gcc