Last updated on 2025-11-22 09:49:57 CET.
| Flavor | Version | Tinstall | Tcheck | Ttotal | Status | Flags |
|---|---|---|---|---|---|---|
| r-devel-linux-x86_64-debian-clang | 0.1.3 | 1.59 | 19.17 | 20.76 | NOTE | |
| r-devel-linux-x86_64-debian-gcc | 0.1.3 | 1.26 | 16.05 | 17.31 | NOTE | |
| r-devel-linux-x86_64-fedora-clang | 0.1.3 | 29.14 | OK | |||
| r-devel-linux-x86_64-fedora-gcc | 0.1.3 | 28.54 | OK | |||
| r-devel-windows-x86_64 | 0.1.3 | 3.00 | 43.00 | 46.00 | OK | |
| r-patched-linux-x86_64 | 0.1.3 | 1.65 | 18.15 | 19.80 | OK | |
| r-release-linux-x86_64 | 0.1.3 | 1.38 | 18.07 | 19.45 | OK | |
| r-release-macos-arm64 | 0.1.3 | OK | ||||
| r-release-macos-x86_64 | 0.1.3 | 1.00 | 23.00 | 24.00 | OK | |
| r-release-windows-x86_64 | 0.1.3 | 2.00 | 41.00 | 43.00 | OK | |
| r-oldrel-macos-arm64 | 0.1.3 | NOTE | ||||
| r-oldrel-macos-x86_64 | 0.1.3 | 1.00 | 19.00 | 20.00 | NOTE | |
| r-oldrel-windows-x86_64 | 0.1.3 | 3.00 | 47.00 | 50.00 | NOTE |
Version: 0.1.3
Check: CRAN incoming feasibility
Result: NOTE
Maintainer: ‘Mauricio Santelices <m.santelicesa@gmail.com>’
No Authors@R field in DESCRIPTION.
Please add one, modifying
Authors@R: person(given = "Mauricio",
family = "Santelices",
role = c("aut", "cre"),
email = "m.santelicesa@gmail.com")
as necessary.
Flavors: r-devel-linux-x86_64-debian-clang, r-devel-linux-x86_64-debian-gcc
Version: 0.1.3
Check: LazyData
Result: NOTE
'LazyData' is specified without a 'data' directory
Flavors: r-oldrel-macos-arm64, r-oldrel-macos-x86_64, r-oldrel-windows-x86_64