Last updated on 2025-11-20 09:48:33 CET.
| Flavor | Version | Tinstall | Tcheck | Ttotal | Status | Flags |
|---|---|---|---|---|---|---|
| r-devel-linux-x86_64-debian-clang | 1.3 | 2.96 | 24.20 | 27.16 | NOTE | |
| r-devel-linux-x86_64-debian-gcc | 1.3 | 2.44 | 19.78 | 22.22 | NOTE | |
| r-devel-linux-x86_64-fedora-clang | 1.3 | 40.18 | OK | |||
| r-devel-linux-x86_64-fedora-gcc | 1.3 | 37.44 | OK | |||
| r-devel-windows-x86_64 | 1.3 | 5.00 | 40.00 | 45.00 | OK | |
| r-patched-linux-x86_64 | 1.3 | 3.11 | 22.42 | 25.53 | OK | |
| r-release-linux-x86_64 | 1.3 | 3.00 | 22.64 | 25.64 | OK | |
| r-release-macos-arm64 | 1.3 | OK | ||||
| r-release-macos-x86_64 | 1.3 | 6.00 | 33.00 | 39.00 | OK | |
| r-release-windows-x86_64 | 1.3 | 7.00 | 41.00 | 48.00 | OK | |
| r-oldrel-macos-arm64 | 1.3 | OK | ||||
| r-oldrel-macos-x86_64 | 1.3 | 3.00 | 23.00 | 26.00 | OK | |
| r-oldrel-windows-x86_64 | 1.3 | 5.00 | 44.00 | 49.00 | OK |
Version: 1.3
Check: CRAN incoming feasibility
Result: NOTE
Maintainer: ‘Trevor Hastie <hastie@stanford.edu>’
No Authors@R field in DESCRIPTION.
Please add one, modifying
Authors@R: c(person(given = "Trevor",
family = "Hastie",
role = c("aut", "cre"),
email = "hastie@stanford.edu"),
person(given = "Brad",
family = "Efron",
role = "aut",
email = "brad@stat.stanford.edu"))
as necessary.
Flavors: r-devel-linux-x86_64-debian-clang, r-devel-linux-x86_64-debian-gcc