Last updated on 2024-05-13 09:50:48 CEST.
Flavor | Version | Tinstall | Tcheck | Ttotal | Status | Flags |
---|---|---|---|---|---|---|
r-devel-linux-x86_64-debian-clang | 6.2.1 | 831.11 | 240.38 | 1071.49 | OK | |
r-devel-linux-x86_64-debian-gcc | 6.2.1 | 758.66 | 175.67 | 934.33 | OK | |
r-devel-linux-x86_64-fedora-clang | 6.2.1 | 1152.74 | NOTE | |||
r-devel-linux-x86_64-fedora-gcc | 6.2.1 | 1695.87 | OK | |||
r-devel-windows-x86_64 | 6.2.1 | 599.00 | 260.00 | 859.00 | NOTE | |
r-patched-linux-x86_64 | 6.2.1 | 749.90 | 228.89 | 978.79 | OK | |
r-release-linux-x86_64 | 6.2.1 | 790.77 | 231.12 | 1021.89 | OK | |
r-release-macos-arm64 | 6.2.1 | 279.00 | NOTE | |||
r-release-macos-x86_64 | 6.2.1 | 381.00 | NOTE | |||
r-release-windows-x86_64 | 6.2.1 | 581.00 | 254.00 | 835.00 | NOTE | |
r-oldrel-macos-arm64 | 6.2.1 | 253.00 | NOTE | |||
r-oldrel-macos-x86_64 | 6.2.1 | 383.00 | NOTE | |||
r-oldrel-windows-x86_64 | 6.2.1 | 778.00 | 316.00 | 1094.00 | NOTE |
Version: 6.2.1
Check: installed package size
Result: NOTE
installed size is 12.1Mb
sub-directories of 1Mb or more:
doc 2.5Mb
libs 7.9Mb
Flavors: r-devel-linux-x86_64-fedora-clang, r-devel-windows-x86_64, r-release-macos-arm64, r-release-macos-x86_64, r-release-windows-x86_64, r-oldrel-macos-arm64, r-oldrel-macos-x86_64, r-oldrel-windows-x86_64