Last updated on 2024-05-12 09:52:40 CEST.
Flavor | Version | Tinstall | Tcheck | Ttotal | Status | Flags |
---|---|---|---|---|---|---|
r-devel-linux-x86_64-debian-clang | 0.4.1 | 4.21 | 51.20 | 55.41 | NOTE | |
r-devel-linux-x86_64-debian-gcc | 0.4.1 | 4.23 | 37.35 | 41.58 | NOTE | |
r-devel-linux-x86_64-fedora-clang | 0.4.1 | 70.30 | NOTE | |||
r-devel-linux-x86_64-fedora-gcc | 0.4.1 | 69.53 | NOTE | |||
r-devel-windows-x86_64 | 0.4.1 | 7.00 | 63.00 | 70.00 | NOTE | |
r-patched-linux-x86_64 | 0.4.1 | 5.29 | 49.88 | 55.17 | NOTE | |
r-release-linux-x86_64 | 0.4.1 | 3.42 | 48.55 | 51.97 | NOTE | |
r-release-macos-arm64 | 0.4.1 | 23.00 | NOTE | |||
r-release-windows-x86_64 | 0.4.1 | 6.00 | 60.00 | 66.00 | NOTE | |
r-oldrel-macos-arm64 | 0.4.1 | 25.00 | NOTE | |||
r-oldrel-macos-x86_64 | 0.4.1 | 36.00 | NOTE | |||
r-oldrel-windows-x86_64 | 0.4.1 | 7.00 | 68.00 | 75.00 | NOTE |
Version: 0.4.1
Check: LazyData
Result: NOTE
'LazyData' is specified without a 'data' directory
Flavors: r-devel-linux-x86_64-debian-clang, r-devel-linux-x86_64-debian-gcc, r-devel-linux-x86_64-fedora-clang, r-devel-linux-x86_64-fedora-gcc, r-devel-windows-x86_64, r-patched-linux-x86_64, r-release-linux-x86_64, r-release-macos-arm64, r-release-windows-x86_64, r-oldrel-macos-arm64, r-oldrel-macos-x86_64, r-oldrel-windows-x86_64