Last updated on 2024-05-11 09:51:24 CEST.
Flavor | Version | Tinstall | Tcheck | Ttotal | Status | Flags |
---|---|---|---|---|---|---|
r-devel-linux-x86_64-debian-clang | 0.3.0 | 4.67 | 67.40 | 72.07 | OK | |
r-devel-linux-x86_64-debian-gcc | 0.3.0 | 2.20 | 51.14 | 53.34 | OK | |
r-devel-linux-x86_64-fedora-clang | 0.3.0 | 90.25 | OK | |||
r-devel-linux-x86_64-fedora-gcc | 0.3.0 | 125.82 | OK | |||
r-devel-windows-x86_64 | 0.3.0 | 4.00 | 87.00 | 91.00 | NOTE | |
r-patched-linux-x86_64 | 0.3.0 | 4.43 | 64.28 | 68.71 | OK | |
r-release-linux-x86_64 | 0.3.0 | 3.46 | 65.12 | 68.58 | OK | |
r-release-macos-arm64 | 0.3.0 | 41.00 | OK | |||
r-release-macos-x86_64 | 0.3.0 | 96.00 | OK | |||
r-release-windows-x86_64 | 0.3.0 | 6.00 | 85.00 | 91.00 | NOTE | |
r-oldrel-macos-arm64 | 0.3.0 | 74.00 | OK | |||
r-oldrel-macos-x86_64 | 0.3.0 | 98.00 | OK | |||
r-oldrel-windows-x86_64 | 0.3.0 | 4.00 | 92.00 | 96.00 | NOTE |
Version: 0.3.0
Check: package dependencies
Result: NOTE
Package suggested but not available for checking: 'rsyslog'
Flavors: r-devel-windows-x86_64, r-release-windows-x86_64, r-oldrel-windows-x86_64