Last updated on 2025-11-01 08:49:47 CET.
| Flavor | Version | Tinstall | Tcheck | Ttotal | Status | Flags |
|---|---|---|---|---|---|---|
| r-devel-linux-x86_64-debian-clang | 1.0.3 | 26.09 | 183.44 | 209.53 | NOTE | |
| r-devel-linux-x86_64-debian-gcc | 1.0.3 | 16.82 | 136.20 | 153.02 | NOTE | |
| r-devel-linux-x86_64-fedora-clang | 1.0.3 | 51.00 | 288.56 | 339.56 | NOTE | |
| r-devel-linux-x86_64-fedora-gcc | 1.0.3 | 236.00 | 149.04 | 385.04 | NOTE | |
| r-devel-windows-x86_64 | 1.0.3 | 24.00 | 229.00 | 253.00 | NOTE | |
| r-patched-linux-x86_64 | 1.0.3 | 26.32 | 182.60 | 208.92 | NOTE | |
| r-release-linux-x86_64 | 1.0.3 | 25.38 | 183.65 | 209.03 | NOTE | |
| r-release-macos-arm64 | 1.0.3 | 22.00 | 149.00 | 171.00 | NOTE | |
| r-release-macos-x86_64 | 1.0.3 | 24.00 | 186.00 | 210.00 | NOTE | |
| r-release-windows-x86_64 | 1.0.3 | 22.00 | 182.00 | 204.00 | NOTE | |
| r-oldrel-macos-arm64 | 1.0.3 | 21.00 | 153.00 | 174.00 | NOTE | |
| r-oldrel-macos-x86_64 | 1.0.3 | 19.00 | 129.00 | 148.00 | NOTE | |
| r-oldrel-windows-x86_64 | 1.0.3 | 34.00 | 205.00 | 239.00 | NOTE |
Version: 1.0.3
Check: Rd files
Result: NOTE
checkRd: (-1) loon.shiny.Rd:93-102: Lost braces in \itemize; meant \describe ?
checkRd: (-1) loon.shiny.Rd:95-96: Lost braces in \itemize; meant \describe ?
checkRd: (-1) loon.shiny.Rd:97: Lost braces in \itemize; meant \describe ?
checkRd: (-1) loon.shiny.Rd:98-100: Lost braces in \itemize; meant \describe ?
checkRd: (-1) loon.shiny.Rd:103-108: Lost braces in \itemize; meant \describe ?
checkRd: (-1) loon.shiny.Rd:105: Lost braces in \itemize; meant \describe ?
checkRd: (-1) loon.shiny.Rd:106: Lost braces in \itemize; meant \describe ?
Flavors: r-devel-linux-x86_64-debian-clang, r-devel-linux-x86_64-debian-gcc, r-devel-linux-x86_64-fedora-clang, r-devel-linux-x86_64-fedora-gcc, r-devel-windows-x86_64, r-patched-linux-x86_64, r-release-linux-x86_64, r-release-macos-arm64, r-release-macos-x86_64, r-release-windows-x86_64, r-oldrel-macos-arm64, r-oldrel-macos-x86_64, r-oldrel-windows-x86_64
Version: 1.0.3
Check: Rd cross-references
Result: NOTE
Found the following Rd file(s) with Rd \link{} targets missing package
anchors:
loon.shiny.Rd: ggplot2loon, grid.arrange, shinyApp, runApp
shiny.loon-deprecated.Rd: ggplot2loon, grid.arrange, shinyApp
Please provide package anchors for all Rd \link{} targets not in the
package itself and the base packages.
Flavors: r-devel-linux-x86_64-debian-clang, r-devel-linux-x86_64-debian-gcc, r-devel-windows-x86_64, r-patched-linux-x86_64, r-release-linux-x86_64, r-release-windows-x86_64