Last updated on 2024-05-12 09:52:43 CEST.
Flavor | Version | Tinstall | Tcheck | Ttotal | Status | Flags |
---|---|---|---|---|---|---|
r-devel-linux-x86_64-debian-clang | 0.3.1 | 116.30 | 138.56 | 254.86 | NOTE | |
r-devel-linux-x86_64-debian-gcc | 0.3.1 | 87.22 | 109.29 | 196.51 | NOTE | |
r-devel-linux-x86_64-fedora-clang | 0.3.1 | 358.68 | NOTE | |||
r-devel-linux-x86_64-fedora-gcc | 0.3.1 | 431.70 | NOTE | |||
r-devel-windows-x86_64 | 0.3.1 | 86.00 | 147.00 | 233.00 | NOTE | |
r-patched-linux-x86_64 | 0.3.1 | 107.76 | 137.44 | 245.20 | NOTE | |
r-release-linux-x86_64 | 0.3.1 | 105.04 | 134.79 | 239.83 | NOTE | |
r-release-macos-arm64 | 0.3.1 | 90.00 | NOTE | |||
r-release-windows-x86_64 | 0.3.1 | 86.00 | 146.00 | 232.00 | NOTE | |
r-oldrel-macos-arm64 | 0.3.1 | 106.00 | NOTE | |||
r-oldrel-macos-x86_64 | 0.3.1 | 180.00 | NOTE | |||
r-oldrel-windows-x86_64 | 0.3.1 | 107.00 | 171.00 | 278.00 | NOTE |
Version: 0.3.1
Check: C++ specification
Result: NOTE
Specified C++11: please drop specification unless essential
Flavors: r-devel-linux-x86_64-debian-clang, r-devel-linux-x86_64-debian-gcc, r-devel-linux-x86_64-fedora-clang, r-devel-linux-x86_64-fedora-gcc, r-devel-windows-x86_64, r-patched-linux-x86_64, r-release-linux-x86_64, r-release-macos-arm64, r-release-windows-x86_64, r-oldrel-macos-arm64, r-oldrel-macos-x86_64, r-oldrel-windows-x86_64
Version: 0.3.1
Check: Rd files
Result: NOTE
checkRd: (-1) milr.Rd:45: Lost braces in \itemize; \value handles \item{}{} directly
checkRd: (-1) milr.Rd:46-47: Lost braces in \itemize; \value handles \item{}{} directly
checkRd: (-1) milr.Rd:48: Lost braces in \itemize; \value handles \item{}{} directly
checkRd: (-1) milr.Rd:49: Lost braces in \itemize; \value handles \item{}{} directly
checkRd: (-1) milr.Rd:50: Lost braces in \itemize; \value handles \item{}{} directly
checkRd: (-1) milr.Rd:51-52: Lost braces in \itemize; \value handles \item{}{} directly
Flavors: r-devel-linux-x86_64-debian-clang, r-devel-linux-x86_64-debian-gcc, r-devel-linux-x86_64-fedora-clang, r-devel-linux-x86_64-fedora-gcc, r-devel-windows-x86_64, r-patched-linux-x86_64, r-release-linux-x86_64, r-release-macos-arm64, r-release-windows-x86_64
Version: 0.3.1
Check: LazyData
Result: NOTE
'LazyData' is specified without a 'data' directory
Flavors: r-devel-linux-x86_64-debian-clang, r-devel-linux-x86_64-debian-gcc, r-devel-linux-x86_64-fedora-clang, r-devel-linux-x86_64-fedora-gcc, r-devel-windows-x86_64, r-patched-linux-x86_64, r-release-linux-x86_64, r-release-macos-arm64, r-release-windows-x86_64, r-oldrel-macos-arm64, r-oldrel-macos-x86_64, r-oldrel-windows-x86_64