Last updated on 2024-05-13 09:50:51 CEST.
Flavor | Version | Tinstall | Tcheck | Ttotal | Status | Flags |
---|---|---|---|---|---|---|
r-devel-linux-x86_64-debian-clang | 0.2.0 | 3.13 | 43.80 | 46.93 | OK | |
r-devel-linux-x86_64-debian-gcc | 0.2.0 | 2.63 | 32.79 | 35.42 | OK | |
r-devel-linux-x86_64-fedora-clang | 0.2.0 | 58.88 | NOTE | |||
r-devel-linux-x86_64-fedora-gcc | 0.2.0 | 62.09 | NOTE | |||
r-devel-windows-x86_64 | 0.2.0 | 4.00 | 62.00 | 66.00 | OK | |
r-patched-linux-x86_64 | 0.2.0 | 3.19 | 41.77 | 44.96 | OK | |
r-release-linux-x86_64 | 0.2.0 | 2.09 | 41.45 | 43.54 | OK | |
r-release-macos-arm64 | 0.2.0 | 26.00 | OK | |||
r-release-windows-x86_64 | 0.2.0 | 4.00 | 61.00 | 65.00 | OK | |
r-oldrel-macos-arm64 | 0.2.0 | 26.00 | OK | |||
r-oldrel-macos-x86_64 | 0.2.0 | 35.00 | OK | |||
r-oldrel-windows-x86_64 | 0.2.0 | 5.00 | 65.00 | 70.00 | OK |
Version: 0.2.0
Check: dependencies in R code
Result: NOTE
Namespaces in Imports field not imported from:
‘caret’ ‘randomForest’
All declared Imports should be used.
Flavors: r-devel-linux-x86_64-fedora-clang, r-devel-linux-x86_64-fedora-gcc