Last updated on 2025-10-24 09:50:10 CEST.
| Flavor | Version | Tinstall | Tcheck | Ttotal | Status | Flags |
|---|---|---|---|---|---|---|
| r-devel-linux-x86_64-debian-clang | 1.6.8 | 8.47 | 89.93 | 98.40 | NOTE | |
| r-devel-linux-x86_64-debian-gcc | 1.6.8 | 6.98 | 65.57 | 72.55 | OK | |
| r-devel-linux-x86_64-fedora-clang | 1.6.8 | 46.00 | 111.35 | 157.35 | OK | |
| r-devel-linux-x86_64-fedora-gcc | 1.6.8 | 18.00 | 140.78 | 158.78 | OK | |
| r-devel-windows-x86_64 | 1.6.8 | 9.00 | 104.00 | 113.00 | OK | |
| r-patched-linux-x86_64 | 1.6.8 | 8.30 | 84.36 | 92.66 | OK | |
| r-release-linux-x86_64 | 1.6.8 | 8.35 | 84.13 | 92.48 | OK | |
| r-release-macos-arm64 | 1.6.8 | 5.00 | 57.00 | 62.00 | OK | |
| r-release-macos-x86_64 | 1.6.8 | 8.00 | 95.00 | 103.00 | OK | |
| r-release-windows-x86_64 | 1.6.8 | 11.00 | 104.00 | 115.00 | OK | |
| r-oldrel-macos-arm64 | 1.6.8 | 4.00 | 58.00 | 62.00 | OK | |
| r-oldrel-macos-x86_64 | 1.6.8 | 8.00 | 104.00 | 112.00 | OK | |
| r-oldrel-windows-x86_64 | 1.6.8 | 15.00 | 130.00 | 145.00 | OK |
Version: 1.6.8
Check: HTML version of manual
Result: NOTE
Found the following HTML validation problems:
extract-methods.html:78:1 (extract-methods.Rd:35): Warning: missing </ul> before </div>
Flavor: r-devel-linux-x86_64-debian-clang