Last updated on 2024-05-23 09:50:21 CEST.
Flavor | Version | Tinstall | Tcheck | Ttotal | Status | Flags |
---|---|---|---|---|---|---|
r-devel-linux-x86_64-debian-clang | 0.0.3 | 3.80 | 42.69 | 46.49 | NOTE | |
r-devel-linux-x86_64-debian-gcc | 0.0.3 | 2.93 | 32.59 | 35.52 | NOTE | |
r-devel-linux-x86_64-fedora-clang | 0.0.3 | 58.95 | NOTE | |||
r-devel-linux-x86_64-fedora-gcc | 0.0.3 | 56.26 | NOTE | |||
r-devel-windows-x86_64 | 0.0.3 | 4.00 | 51.00 | 55.00 | NOTE | |
r-patched-linux-x86_64 | 0.0.3 | 3.98 | 41.49 | 45.47 | NOTE | |
r-release-linux-x86_64 | 0.0.3 | 5.00 | 41.41 | 46.41 | NOTE | |
r-release-macos-arm64 | 0.0.3 | 26.00 | NOTE | |||
r-release-windows-x86_64 | 0.0.3 | 6.00 | 51.00 | 57.00 | NOTE | |
r-oldrel-macos-arm64 | 0.0.3 | 23.00 | NOTE | |||
r-oldrel-macos-x86_64 | 0.0.3 | 33.00 | NOTE | |||
r-oldrel-windows-x86_64 | 0.0.3 | 6.00 | 64.00 | 70.00 | NOTE |
Version: 0.0.3
Check: LazyData
Result: NOTE
'LazyData' is specified without a 'data' directory
Flavors: r-devel-linux-x86_64-debian-clang, r-devel-linux-x86_64-debian-gcc, r-devel-linux-x86_64-fedora-clang, r-devel-linux-x86_64-fedora-gcc, r-devel-windows-x86_64, r-patched-linux-x86_64, r-release-linux-x86_64, r-release-macos-arm64, r-release-windows-x86_64, r-oldrel-macos-arm64, r-oldrel-macos-x86_64, r-oldrel-windows-x86_64