Last updated on 2024-05-13 09:50:52 CEST.
Flavor | Version | Tinstall | Tcheck | Ttotal | Status | Flags |
---|---|---|---|---|---|---|
r-devel-linux-x86_64-debian-clang | 0.97.3 | 5.89 | 38.06 | 43.95 | NOTE | |
r-devel-linux-x86_64-debian-gcc | 0.97.3 | 4.05 | 28.59 | 32.64 | NOTE | |
r-devel-linux-x86_64-fedora-clang | 0.97.3 | 54.01 | NOTE | |||
r-devel-linux-x86_64-fedora-gcc | 0.97.3 | 57.78 | NOTE | |||
r-devel-windows-x86_64 | 0.97.3 | 5.00 | 55.00 | 60.00 | NOTE | |
r-patched-linux-x86_64 | 0.97.3 | 4.23 | 37.43 | 41.66 | NOTE | |
r-release-linux-x86_64 | 0.97.3 | 3.80 | 35.67 | 39.47 | NOTE | |
r-release-macos-arm64 | 0.97.3 | 20.00 | NOTE | |||
r-release-windows-x86_64 | 0.97.3 | 4.00 | 53.00 | 57.00 | NOTE | |
r-oldrel-macos-arm64 | 0.97.3 | 22.00 | OK | |||
r-oldrel-macos-x86_64 | 0.97.3 | 29.00 | OK | |||
r-oldrel-windows-x86_64 | 0.97.3 | 6.00 | 56.00 | 62.00 | OK |
Version: 0.97.3
Check: Rd files
Result: NOTE
checkRd: (-1) simulatePop.Rd:40: Lost braces in \itemize; meant \describe ?
checkRd: (-1) simulatePop.Rd:41: Lost braces in \itemize; meant \describe ?
checkRd: (-1) simulatePop.Rd:42: Lost braces in \itemize; meant \describe ?
checkRd: (-1) simulatePop.Rd:43: Lost braces in \itemize; meant \describe ?
checkRd: (-1) simulatePop.Rd:44: Lost braces in \itemize; meant \describe ?
checkRd: (-1) simulatePop.Rd:45: Lost braces in \itemize; meant \describe ?
Flavors: r-devel-linux-x86_64-debian-clang, r-devel-linux-x86_64-debian-gcc, r-devel-linux-x86_64-fedora-clang, r-devel-linux-x86_64-fedora-gcc, r-devel-windows-x86_64, r-patched-linux-x86_64, r-release-linux-x86_64, r-release-macos-arm64, r-release-windows-x86_64