Last updated on 2024-05-12 09:52:45 CEST.
Flavor | Version | Tinstall | Tcheck | Ttotal | Status | Flags |
---|---|---|---|---|---|---|
r-devel-linux-x86_64-debian-clang | 3.0 | 13.04 | 107.55 | 120.59 | NOTE | |
r-devel-linux-x86_64-debian-gcc | 3.0 | 10.35 | 79.84 | 90.19 | NOTE | |
r-devel-linux-x86_64-fedora-clang | 3.0 | 151.67 | NOTE | |||
r-devel-linux-x86_64-fedora-gcc | 3.0 | 152.90 | NOTE | |||
r-devel-windows-x86_64 | 3.0 | 13.00 | 92.00 | 105.00 | NOTE | |
r-patched-linux-x86_64 | 3.0 | 9.44 | 101.17 | 110.61 | NOTE | |
r-release-linux-x86_64 | 3.0 | 8.69 | 103.44 | 112.13 | NOTE | |
r-release-macos-arm64 | 3.0 | 43.00 | NOTE | |||
r-release-windows-x86_64 | 3.0 | 12.00 | 90.00 | 102.00 | NOTE | |
r-oldrel-macos-arm64 | 3.0 | 52.00 | NOTE | |||
r-oldrel-macos-x86_64 | 3.0 | 78.00 | NOTE | |||
r-oldrel-windows-x86_64 | 3.0 | 16.00 | 112.00 | 128.00 | NOTE |
Version: 3.0
Check: LazyData
Result: NOTE
'LazyData' is specified without a 'data' directory
Flavors: r-devel-linux-x86_64-debian-clang, r-devel-linux-x86_64-debian-gcc, r-devel-linux-x86_64-fedora-clang, r-devel-linux-x86_64-fedora-gcc, r-devel-windows-x86_64, r-patched-linux-x86_64, r-release-linux-x86_64, r-release-macos-arm64, r-release-windows-x86_64, r-oldrel-macos-arm64, r-oldrel-macos-x86_64, r-oldrel-windows-x86_64