Last updated on 2024-05-13 09:50:53 CEST.
Flavor | Version | Tinstall | Tcheck | Ttotal | Status | Flags |
---|---|---|---|---|---|---|
r-devel-linux-x86_64-debian-clang | 0.9.2.1 | 1.95 | 35.52 | 37.47 | NOTE | |
r-devel-linux-x86_64-debian-gcc | 0.9.2.1 | 1.98 | 27.15 | 29.13 | NOTE | |
r-devel-linux-x86_64-fedora-clang | 0.9.2.1 | 48.42 | NOTE | |||
r-devel-linux-x86_64-fedora-gcc | 0.9.2.1 | 67.49 | NOTE | |||
r-devel-windows-x86_64 | 0.9.2.1 | 3.00 | 53.00 | 56.00 | NOTE | |
r-patched-linux-x86_64 | 0.9.2.1 | 3.44 | 34.02 | 37.46 | NOTE | |
r-release-linux-x86_64 | 0.9.2.1 | 2.67 | 33.30 | 35.97 | NOTE | |
r-release-macos-arm64 | 0.9.2.1 | 26.00 | NOTE | |||
r-release-windows-x86_64 | 0.9.2.1 | 5.00 | 52.00 | 57.00 | NOTE | |
r-oldrel-macos-arm64 | 0.9.2.1 | 29.00 | OK | |||
r-oldrel-macos-x86_64 | 0.9.2.1 | 37.00 | OK | |||
r-oldrel-windows-x86_64 | 0.9.2.1 | 3.00 | 53.00 | 56.00 | OK |
Version: 0.9.2.1
Check: Rd files
Result: NOTE
checkRd: (-1) gnu_style.Rd:24: Lost braces
24 | [GNU Command Line Standards]{http://www.gnu.org/prep/standards/standards.html}
| ^
Flavors: r-devel-linux-x86_64-debian-clang, r-devel-linux-x86_64-debian-gcc, r-devel-linux-x86_64-fedora-clang, r-devel-linux-x86_64-fedora-gcc, r-devel-windows-x86_64, r-patched-linux-x86_64, r-release-linux-x86_64, r-release-macos-arm64, r-release-windows-x86_64