Last updated on 2024-05-09 09:50:39 CEST.
Flavor | Version | Tinstall | Tcheck | Ttotal | Status | Flags |
---|---|---|---|---|---|---|
r-devel-linux-x86_64-debian-clang | 1.5.4 | 1459.41 | 312.24 | 1771.65 | NOTE | |
r-devel-linux-x86_64-debian-gcc | 1.5.4 | 1362.58 | 341.45 | 1704.03 | NOTE | |
r-devel-linux-x86_64-fedora-clang | 1.5.4 | 2103.27 | NOTE | |||
r-devel-linux-x86_64-fedora-gcc | 1.5.4 | 3314.73 | NOTE | |||
r-devel-windows-x86_64 | 1.5.4 | 1032.00 | 355.00 | 1387.00 | NOTE | |
r-patched-linux-x86_64 | 1.5.4 | 0.01 | 3.03 | 3.04 | ERROR | |
r-release-linux-x86_64 | 1.5.4 | 0.01 | 3.50 | 3.51 | ERROR | |
r-release-macos-arm64 | 1.5.4 | 489.00 | NOTE | |||
r-release-windows-x86_64 | 1.5.4 | 1083.00 | 351.00 | 1434.00 | NOTE | |
r-oldrel-macos-arm64 | 1.5.4 | 854.00 | NOTE | |||
r-oldrel-macos-x86_64 | 1.5.4 | 1104.00 | NOTE | |||
r-oldrel-windows-x86_64 | 1.5.4 | 1409.00 | 449.00 | 1858.00 | NOTE |
Version: 1.5.4
Check: for GNU extensions in Makefiles
Result: NOTE
GNU make is a SystemRequirements.
Flavors: r-devel-linux-x86_64-debian-clang, r-devel-linux-x86_64-debian-gcc, r-devel-linux-x86_64-fedora-clang, r-devel-linux-x86_64-fedora-gcc, r-devel-windows-x86_64, r-release-macos-arm64, r-release-windows-x86_64, r-oldrel-macos-arm64, r-oldrel-macos-x86_64, r-oldrel-windows-x86_64
Version: 1.5.4
Check: installed package size
Result: NOTE
installed size is 15.3Mb
sub-directories of 1Mb or more:
doc 2.9Mb
libs 11.6Mb
Flavors: r-devel-linux-x86_64-fedora-clang, r-devel-windows-x86_64, r-release-macos-arm64, r-release-windows-x86_64, r-oldrel-macos-arm64, r-oldrel-macos-x86_64, r-oldrel-windows-x86_64
Version: 1.5.4
Check: dependencies in R code
Result: NOTE
Namespace in Imports field not imported from: ‘rstantools’
All declared Imports should be used.
Flavors: r-devel-linux-x86_64-fedora-clang, r-devel-linux-x86_64-fedora-gcc
Version: 1.5.4
Check: whether package can be installed
Result: ERROR
Installation failed.
Flavors: r-patched-linux-x86_64, r-release-linux-x86_64