Last updated on 2024-05-12 09:52:46 CEST.
Flavor | Version | Tinstall | Tcheck | Ttotal | Status | Flags |
---|---|---|---|---|---|---|
r-devel-linux-x86_64-debian-clang | 3.4.0 | 31.89 | 36.83 | 68.72 | OK | |
r-devel-linux-x86_64-debian-gcc | 3.4.0 | 20.86 | 28.19 | 49.05 | OK | |
r-devel-linux-x86_64-fedora-clang | 3.4.0 | 89.78 | NOTE | |||
r-devel-linux-x86_64-fedora-gcc | 3.4.0 | 138.49 | OK | |||
r-devel-windows-x86_64 | 3.4.0 | 35.00 | 110.00 | 145.00 | NOTE | |
r-patched-linux-x86_64 | 3.4.0 | 28.87 | 35.74 | 64.61 | OK | |
r-release-linux-x86_64 | 3.4.0 | 22.18 | 34.66 | 56.84 | OK | |
r-release-macos-arm64 | 3.4.0 | 33.00 | NOTE | |||
r-release-windows-x86_64 | 3.4.0 | 35.00 | 112.00 | 147.00 | NOTE | |
r-oldrel-macos-arm64 | 3.4.0 | 126.00 | NOTE | |||
r-oldrel-macos-x86_64 | 3.4.0 | 130.00 | NOTE | |||
r-oldrel-windows-x86_64 | 3.4.0 | 44.00 | 129.00 | 173.00 | NOTE |
Version: 3.4.0
Check: package dependencies
Result: NOTE
Package suggested but not available for checking: ‘tesseract’
Flavor: r-devel-linux-x86_64-fedora-clang
Version: 3.4.0
Check: installed package size
Result: NOTE
installed size is 20.3Mb
sub-directories of 1Mb or more:
libs 7.4Mb
share 12.8Mb
Flavors: r-devel-windows-x86_64, r-release-macos-arm64, r-release-windows-x86_64, r-oldrel-macos-arm64, r-oldrel-macos-x86_64, r-oldrel-windows-x86_64