Last updated on 2024-05-12 09:52:47 CEST.
Flavor | Version | Tinstall | Tcheck | Ttotal | Status | Flags |
---|---|---|---|---|---|---|
r-devel-linux-x86_64-debian-clang | 0.1.9 | 2.67 | 71.45 | 74.12 | OK | |
r-devel-linux-x86_64-debian-gcc | 0.1.9 | 1.91 | 51.10 | 53.01 | OK | |
r-devel-linux-x86_64-fedora-clang | 0.1.9 | 94.89 | NOTE | |||
r-devel-linux-x86_64-fedora-gcc | 0.1.9 | 108.72 | NOTE | |||
r-devel-windows-x86_64 | 0.1.9 | 3.00 | 70.00 | 73.00 | OK | |
r-patched-linux-x86_64 | 0.1.9 | 2.15 | 69.17 | 71.32 | OK | |
r-release-linux-x86_64 | 0.1.9 | 1.66 | 69.49 | 71.15 | OK | |
r-release-macos-arm64 | 0.1.9 | 33.00 | OK | |||
r-release-windows-x86_64 | 0.1.9 | 4.00 | 70.00 | 74.00 | OK | |
r-oldrel-macos-arm64 | 0.1.9 | 37.00 | OK | |||
r-oldrel-macos-x86_64 | 0.1.9 | 56.00 | OK | |||
r-oldrel-windows-x86_64 | 0.1.9 | 4.00 | 75.00 | 79.00 | OK |
Version: 0.1.9
Check: dependencies in R code
Result: NOTE
Namespace in Imports field not imported from: ‘ggplot2’
All declared Imports should be used.
Flavors: r-devel-linux-x86_64-fedora-clang, r-devel-linux-x86_64-fedora-gcc