Last updated on 2025-11-24 09:50:42 CET.
| Flavor | Version | Tinstall | Tcheck | Ttotal | Status | Flags |
|---|---|---|---|---|---|---|
| r-devel-linux-x86_64-debian-clang | 0.1.5.1 | 7.71 | 193.19 | 200.90 | NOTE | |
| r-devel-linux-x86_64-debian-gcc | 0.1.5.1 | 5.11 | 129.49 | 134.60 | NOTE | |
| r-devel-linux-x86_64-fedora-clang | 0.1.5.1 | 19.00 | 296.79 | 315.79 | OK | |
| r-devel-linux-x86_64-fedora-gcc | 0.1.5.1 | 17.00 | 291.74 | 308.74 | OK | |
| r-devel-windows-x86_64 | 0.1.5.1 | 13.00 | 181.00 | 194.00 | OK | |
| r-patched-linux-x86_64 | 0.1.5.1 | 8.49 | 183.26 | 191.75 | OK | |
| r-release-linux-x86_64 | 0.1.5.1 | 6.83 | 184.82 | 191.65 | OK | |
| r-release-macos-arm64 | 0.1.5.1 | OK | ||||
| r-release-macos-x86_64 | 0.1.5.1 | 6.00 | 158.00 | 164.00 | OK | |
| r-release-windows-x86_64 | 0.1.5.1 | 11.00 | 179.00 | 190.00 | OK | |
| r-oldrel-macos-arm64 | 0.1.5.1 | OK | ||||
| r-oldrel-macos-x86_64 | 0.1.5.1 | 6.00 | 127.00 | 133.00 | OK | |
| r-oldrel-windows-x86_64 | 0.1.5.1 | 16.00 | 244.00 | 260.00 | OK |
Version: 0.1.5.1
Check: CRAN incoming feasibility
Result: NOTE
Maintainer: ‘Linares Daniel <danilinares@gmail.com>’
Package CITATION file contains call(s) to old-style personList() or
as.personList(). Please use c() on person objects instead.
Package CITATION file contains call(s) to old-style citEntry(). Please
use bibentry() instead.
Flavors: r-devel-linux-x86_64-debian-clang, r-devel-linux-x86_64-debian-gcc