Last updated on 2024-05-23 09:50:26 CEST.
Flavor | Version | Tinstall | Tcheck | Ttotal | Status | Flags |
---|---|---|---|---|---|---|
r-devel-linux-x86_64-debian-clang | 1.0.0 | 125.63 | 128.28 | 253.91 | OK | |
r-devel-linux-x86_64-debian-gcc | 1.0.0 | 101.10 | 94.14 | 195.24 | OK | |
r-devel-linux-x86_64-fedora-clang | 1.0.0 | 326.31 | OK | |||
r-devel-linux-x86_64-fedora-gcc | 1.0.0 | 354.17 | OK | |||
r-devel-windows-x86_64 | 1.0.0 | 90.00 | 140.00 | 230.00 | OK | |
r-patched-linux-x86_64 | 1.0.0 | 92.60 | 120.72 | 213.32 | OK | |
r-release-linux-x86_64 | 1.0.0 | 96.84 | 120.05 | 216.89 | OK | |
r-release-macos-arm64 | 1.0.0 | 88.00 | NOTE | |||
r-release-macos-x86_64 | 1.0.0 | 254.00 | NOTE | |||
r-release-windows-x86_64 | 1.0.0 | 91.00 | 141.00 | 232.00 | OK | |
r-oldrel-macos-arm64 | 1.0.0 | 97.00 | NOTE | |||
r-oldrel-macos-x86_64 | 1.0.0 | 224.00 | NOTE | |||
r-oldrel-windows-x86_64 | 1.0.0 | 116.00 | 164.00 | 280.00 | OK |
Version: 1.0.0
Check: installed package size
Result: NOTE
installed size is 23.4Mb
sub-directories of 1Mb or more:
libs 22.7Mb
Flavors: r-release-macos-arm64, r-release-macos-x86_64, r-oldrel-macos-arm64, r-oldrel-macos-x86_64