Last updated on 2024-05-12 09:52:48 CEST.
Flavor | Version | Tinstall | Tcheck | Ttotal | Status | Flags |
---|---|---|---|---|---|---|
r-devel-linux-x86_64-debian-clang | 0.6.4 | 6.84 | 83.57 | 90.41 | NOTE | |
r-devel-linux-x86_64-debian-gcc | 0.6.4 | 4.59 | 64.32 | 68.91 | NOTE | |
r-devel-linux-x86_64-fedora-clang | 0.6.4 | 116.34 | NOTE | |||
r-devel-linux-x86_64-fedora-gcc | 0.6.4 | 153.26 | NOTE | |||
r-devel-windows-x86_64 | 0.6.4 | 5.00 | 103.00 | 108.00 | NOTE | |
r-patched-linux-x86_64 | 0.6.4 | 6.75 | 78.83 | 85.58 | NOTE | |
r-release-linux-x86_64 | 0.6.4 | 6.61 | 80.47 | 87.08 | NOTE | |
r-release-macos-arm64 | 0.6.4 | 57.00 | NOTE | |||
r-release-windows-x86_64 | 0.6.4 | 6.00 | 102.00 | 108.00 | NOTE | |
r-oldrel-macos-arm64 | 0.6.4 | 39.00 | NOTE | |||
r-oldrel-macos-x86_64 | 0.6.4 | 51.00 | NOTE | |||
r-oldrel-windows-x86_64 | 0.6.4 | 5.00 | 106.00 | 111.00 | NOTE |
Version: 0.6.4
Check: LazyData
Result: NOTE
'LazyData' is specified without a 'data' directory
Flavors: r-devel-linux-x86_64-debian-clang, r-devel-linux-x86_64-debian-gcc, r-devel-linux-x86_64-fedora-clang, r-devel-linux-x86_64-fedora-gcc, r-devel-windows-x86_64, r-patched-linux-x86_64, r-release-linux-x86_64, r-release-macos-arm64, r-release-windows-x86_64, r-oldrel-macos-arm64, r-oldrel-macos-x86_64, r-oldrel-windows-x86_64