Last updated on 2025-11-28 09:50:30 CET.
| Flavor | Version | Tinstall | Tcheck | Ttotal | Status | Flags |
|---|---|---|---|---|---|---|
| r-devel-linux-x86_64-debian-clang | 0.10.0 | 2.29 | 30.38 | 32.67 | OK | |
| r-devel-linux-x86_64-debian-gcc | 0.10.0 | 2.00 | 24.46 | 26.46 | OK | |
| r-devel-linux-x86_64-fedora-clang | 0.10.0 | 48.76 | OK | |||
| r-devel-linux-x86_64-fedora-gcc | 0.10.0 | 46.89 | OK | |||
| r-devel-windows-x86_64 | 0.10.0 | 8.00 | 49.00 | 57.00 | OK | |
| r-patched-linux-x86_64 | 0.10.0 | 2.43 | 29.41 | 31.84 | OK | |
| r-release-linux-x86_64 | 0.10.0 | 2.70 | 28.66 | 31.36 | OK | |
| r-release-macos-arm64 | 0.10.0 | OK | ||||
| r-release-macos-x86_64 | 0.10.0 | 2.00 | 51.00 | 53.00 | OK | |
| r-release-windows-x86_64 | 0.10.0 | 5.00 | 50.00 | 55.00 | OK | |
| r-oldrel-macos-arm64 | 0.10.0 | NOTE | ||||
| r-oldrel-macos-x86_64 | 0.10.0 | 2.00 | 50.00 | 52.00 | NOTE | |
| r-oldrel-windows-x86_64 | 0.10.0 | 6.00 | 59.00 | 65.00 | NOTE |
Version: 0.10.0
Check: installed package size
Result: NOTE
installed size is 5.1Mb
sub-directories of 1Mb or more:
reveal.js-4.2.1 4.9Mb
Flavors: r-oldrel-macos-arm64, r-oldrel-macos-x86_64, r-oldrel-windows-x86_64