CRAN Package Check Results for Package rlmDataDriven

Last updated on 2025-11-11 09:50:21 CET.

Flavor Version Tinstall Tcheck Ttotal Status Flags
r-devel-linux-x86_64-debian-clang 0.4.0 2.94 29.90 32.84 NOTE
r-devel-linux-x86_64-debian-gcc 0.4.0 2.52 23.81 26.33 NOTE
r-devel-linux-x86_64-fedora-clang 0.4.0 49.00 OK
r-devel-linux-x86_64-fedora-gcc 0.4.0 47.11 OK
r-devel-windows-x86_64 0.4.0 6.00 47.00 53.00 OK
r-patched-linux-x86_64 0.4.0 3.27 28.96 32.23 OK
r-release-linux-x86_64 0.4.0 2.66 29.02 31.68 OK
r-release-macos-arm64 0.4.0 2.00 17.00 19.00 OK
r-release-macos-x86_64 0.4.0 3.00 31.00 34.00 OK
r-release-windows-x86_64 0.4.0 5.00 46.00 51.00 OK
r-oldrel-macos-arm64 0.4.0 1.00 16.00 17.00 OK
r-oldrel-macos-x86_64 0.4.0 2.00 24.00 26.00 OK
r-oldrel-windows-x86_64 0.4.0 5.00 53.00 58.00 OK

Check Details

Version: 0.4.0
Check: CRAN incoming feasibility
Result: NOTE Maintainer: ‘You-Gan Wang <you-gan.wang@qut.edu.au>’ No Authors@R field in DESCRIPTION. Please add one, modifying Authors@R: c(person(given = "You-Gan", family = "Wang", role = c("aut", "cre"), email = "you-gan.wang@qut.edu.au"), person(given = "Benoit", family = "Liquet", role = "aut"), person(given = "Aurelien", family = "Callens", role = "aut"), person(given = "Na", family = "Wang.", role = "aut")) as necessary. Flavors: r-devel-linux-x86_64-debian-clang, r-devel-linux-x86_64-debian-gcc