Last updated on 2024-05-12 09:52:49 CEST.
Flavor | Version | Tinstall | Tcheck | Ttotal | Status | Flags |
---|---|---|---|---|---|---|
r-devel-linux-x86_64-debian-clang | 0.8.0 | 136.25 | 144.93 | 281.18 | NOTE | |
r-devel-linux-x86_64-debian-gcc | 0.8.0 | 103.63 | 101.11 | 204.74 | NOTE | |
r-devel-linux-x86_64-fedora-clang | 0.8.0 | 376.68 | NOTE | |||
r-devel-linux-x86_64-fedora-gcc | 0.8.0 | 437.11 | NOTE | |||
r-devel-windows-x86_64 | 0.8.0 | 108.00 | 146.00 | 254.00 | NOTE | |
r-patched-linux-x86_64 | 0.8.0 | 134.97 | 133.60 | 268.57 | NOTE | |
r-release-linux-x86_64 | 0.8.0 | 135.24 | 129.70 | 264.94 | NOTE | |
r-release-macos-arm64 | 0.8.0 | 83.00 | NOTE | |||
r-release-windows-x86_64 | 0.8.0 | 104.00 | 145.00 | 249.00 | NOTE | |
r-oldrel-macos-arm64 | 0.8.0 | 87.00 | NOTE | |||
r-oldrel-macos-x86_64 | 0.8.0 | 146.00 | NOTE | |||
r-oldrel-windows-x86_64 | 0.8.0 | 131.00 | 174.00 | 305.00 | OK |
Version: 0.8.0
Check: Rd files
Result: NOTE
checkRd: (-1) coefPlot.Rd:64: Lost braces
64 | for the degrees of freedom. For code{"sparseLTS"} objects, possible values
| ^
checkRd: (-1) coefPlot.Rd:65: Lost braces
65 | are code{"lambda"} for the value of the penalty parameter (the default), or
| ^
Flavors: r-devel-linux-x86_64-debian-clang, r-devel-linux-x86_64-debian-gcc, r-devel-linux-x86_64-fedora-clang, r-devel-linux-x86_64-fedora-gcc, r-devel-windows-x86_64, r-patched-linux-x86_64, r-release-linux-x86_64, r-release-macos-arm64, r-release-windows-x86_64
Version: 0.8.0
Check: installed package size
Result: NOTE
installed size is 6.9Mb
sub-directories of 1Mb or more:
data 1.5Mb
libs 4.9Mb
Flavors: r-release-macos-arm64, r-oldrel-macos-arm64, r-oldrel-macos-x86_64