Last updated on 2024-05-13 09:50:57 CEST.
Flavor | Version | Tinstall | Tcheck | Ttotal | Status | Flags |
---|---|---|---|---|---|---|
r-devel-linux-x86_64-debian-clang | 0.1 | 2.56 | 36.53 | 39.09 | NOTE | |
r-devel-linux-x86_64-debian-gcc | 0.1 | 2.22 | 28.07 | 30.29 | NOTE | |
r-devel-linux-x86_64-fedora-clang | 0.1 | 50.08 | NOTE | |||
r-devel-linux-x86_64-fedora-gcc | 0.1 | 79.96 | NOTE | |||
r-devel-windows-x86_64 | 0.1 | 4.00 | 56.00 | 60.00 | NOTE | |
r-patched-linux-x86_64 | 0.1 | 7.39 | 34.56 | 41.95 | NOTE | |
r-release-linux-x86_64 | 0.1 | 3.05 | 35.26 | 38.31 | NOTE | |
r-release-macos-arm64 | 0.1 | 25.00 | NOTE | |||
r-release-windows-x86_64 | 0.1 | 5.00 | 55.00 | 60.00 | NOTE | |
r-oldrel-macos-arm64 | 0.1 | 30.00 | NOTE | |||
r-oldrel-macos-x86_64 | 0.1 | 41.00 | NOTE | |||
r-oldrel-windows-x86_64 | 0.1 | 4.00 | 52.00 | 56.00 | NOTE |
Version: 0.1
Check: LazyData
Result: NOTE
'LazyData' is specified without a 'data' directory
Flavors: r-devel-linux-x86_64-debian-clang, r-devel-linux-x86_64-debian-gcc, r-devel-linux-x86_64-fedora-clang, r-devel-linux-x86_64-fedora-gcc, r-devel-windows-x86_64, r-patched-linux-x86_64, r-release-linux-x86_64, r-release-macos-arm64, r-release-windows-x86_64, r-oldrel-macos-arm64, r-oldrel-macos-x86_64, r-oldrel-windows-x86_64