CRAN Package Check Results for Package rprintf

Last updated on 2025-11-24 09:50:45 CET.

Flavor Version Tinstall Tcheck Ttotal Status Flags
r-devel-linux-x86_64-debian-clang 0.2.1 1.74 21.67 23.41 NOTE
r-devel-linux-x86_64-debian-gcc 0.2.1 1.52 17.83 19.35 NOTE
r-devel-linux-x86_64-fedora-clang 0.2.1 32.62 OK
r-devel-linux-x86_64-fedora-gcc 0.2.1 11.00 22.58 33.58 OK
r-devel-windows-x86_64 0.2.1 4.00 39.00 43.00 OK
r-patched-linux-x86_64 0.2.1 1.63 19.03 20.66 OK
r-release-linux-x86_64 0.2.1 1.56 19.14 20.70 OK
r-release-macos-arm64 0.2.1 OK
r-release-macos-x86_64 0.2.1 1.00 23.00 24.00 OK
r-release-windows-x86_64 0.2.1 4.00 38.00 42.00 OK
r-oldrel-macos-arm64 0.2.1 OK
r-oldrel-macos-x86_64 0.2.1 1.00 20.00 21.00 OK
r-oldrel-windows-x86_64 0.2.1 4.00 44.00 48.00 OK

Check Details

Version: 0.2.1
Check: CRAN incoming feasibility
Result: NOTE Maintainer: ‘Kun Ren <ken@renkun.me>’ No Authors@R field in DESCRIPTION. Please add one, modifying Authors@R: person(given = "Kun", family = "Ren", role = c("aut", "cre"), email = "ken@renkun.me") as necessary. Flavors: r-devel-linux-x86_64-debian-clang, r-devel-linux-x86_64-debian-gcc