Last updated on 2024-05-12 09:52:50 CEST.
Flavor | Version | Tinstall | Tcheck | Ttotal | Status | Flags |
---|---|---|---|---|---|---|
r-devel-linux-x86_64-debian-clang | 1.0.0 | 5.38 | 47.41 | 52.79 | NOTE | |
r-devel-linux-x86_64-debian-gcc | 1.0.0 | 2.70 | 35.27 | 37.97 | NOTE | |
r-devel-linux-x86_64-fedora-clang | 1.0.0 | 65.12 | NOTE | |||
r-devel-linux-x86_64-fedora-gcc | 1.0.0 | 97.51 | NOTE | |||
r-devel-windows-x86_64 | 1.0.0 | 5.00 | 56.00 | 61.00 | NOTE | |
r-patched-linux-x86_64 | 1.0.0 | 4.92 | 43.54 | 48.46 | NOTE | |
r-release-linux-x86_64 | 1.0.0 | 3.33 | 44.22 | 47.55 | NOTE | |
r-release-macos-arm64 | 1.0.0 | 30.00 | NOTE | |||
r-release-windows-x86_64 | 1.0.0 | 7.00 | 55.00 | 62.00 | NOTE | |
r-oldrel-macos-arm64 | 1.0.0 | 29.00 | OK | |||
r-oldrel-macos-x86_64 | 1.0.0 | 42.00 | OK | |||
r-oldrel-windows-x86_64 | 1.0.0 | 7.00 | 57.00 | 64.00 | OK |
Version: 1.0.0
Check: Rd files
Result: NOTE
checkRd: (-1) check_node.Rd:11: Lost braces
11 | \item{x}{\\code{list}, the node to check}
| ^
Flavors: r-devel-linux-x86_64-debian-clang, r-devel-linux-x86_64-debian-gcc, r-devel-linux-x86_64-fedora-clang, r-devel-linux-x86_64-fedora-gcc, r-devel-windows-x86_64, r-patched-linux-x86_64, r-release-linux-x86_64, r-release-macos-arm64, r-release-windows-x86_64