Last updated on 2024-05-12 09:52:50 CEST.
Flavor | Version | Tinstall | Tcheck | Ttotal | Status | Flags |
---|---|---|---|---|---|---|
r-devel-linux-x86_64-debian-clang | 2.1.0 | 6.44 | 57.71 | 64.15 | NOTE | |
r-devel-linux-x86_64-debian-gcc | 2.1.0 | 5.37 | 43.33 | 48.70 | NOTE | |
r-devel-linux-x86_64-fedora-clang | 2.1.0 | 81.00 | NOTE | |||
r-devel-linux-x86_64-fedora-gcc | 2.1.0 | 113.94 | NOTE | |||
r-devel-windows-x86_64 | 2.1.0 | 7.00 | 67.00 | 74.00 | NOTE | |
r-patched-linux-x86_64 | 2.1.0 | 5.22 | 55.17 | 60.39 | NOTE | |
r-release-linux-x86_64 | 2.1.0 | 4.71 | 53.99 | 58.70 | NOTE | |
r-release-macos-arm64 | 2.1.0 | 28.00 | NOTE | |||
r-release-windows-x86_64 | 2.1.0 | 8.00 | 68.00 | 76.00 | NOTE | |
r-oldrel-macos-arm64 | 2.1.0 | 27.00 | NOTE | |||
r-oldrel-macos-x86_64 | 2.1.0 | 40.00 | NOTE | |||
r-oldrel-windows-x86_64 | 2.1.0 | 9.00 | 70.00 | 79.00 | NOTE |
Version: 2.1.0
Check: LazyData
Result: NOTE
'LazyData' is specified without a 'data' directory
Flavors: r-devel-linux-x86_64-debian-clang, r-devel-linux-x86_64-debian-gcc, r-devel-linux-x86_64-fedora-clang, r-devel-linux-x86_64-fedora-gcc, r-devel-windows-x86_64, r-patched-linux-x86_64, r-release-linux-x86_64, r-release-macos-arm64, r-release-windows-x86_64, r-oldrel-macos-arm64, r-oldrel-macos-x86_64, r-oldrel-windows-x86_64