Last updated on 2024-05-09 09:50:43 CEST.
Flavor | Version | Tinstall | Tcheck | Ttotal | Status | Flags |
---|---|---|---|---|---|---|
r-devel-linux-x86_64-debian-clang | 2.0.18 | 261.20 | 54.64 | 315.84 | OK | |
r-devel-linux-x86_64-debian-gcc | 2.0.18 | 170.44 | 40.75 | 211.19 | OK | |
r-devel-linux-x86_64-fedora-clang | 2.0.18 | 380.10 | OK | |||
r-devel-linux-x86_64-fedora-gcc | 2.0.18 | 417.14 | OK | |||
r-devel-windows-x86_64 | 2.0.18 | 146.00 | 102.00 | 248.00 | OK | |
r-patched-linux-x86_64 | 2.0.18 | 199.87 | 51.37 | 251.24 | OK | |
r-release-linux-x86_64 | 2.0.18 | 213.40 | 51.36 | 264.76 | OK | |
r-release-macos-arm64 | 2.0.18 | 792.00 | NOTE | |||
r-release-macos-x86_64 | 2.0.18 | 249.00 | NOTE | |||
r-release-windows-x86_64 | 2.0.18 | 144.00 | 103.00 | 247.00 | OK | |
r-oldrel-macos-arm64 | 2.0.18 | 863.00 | NOTE | |||
r-oldrel-macos-x86_64 | 2.0.18 | 240.00 | NOTE | |||
r-oldrel-windows-x86_64 | 2.0.18 | 177.00 | 113.00 | 290.00 | OK |
Version: 2.0.18
Check: installed package size
Result: NOTE
installed size is 33.1Mb
sub-directories of 1Mb or more:
libs 32.8Mb
Flavors: r-release-macos-arm64, r-release-macos-x86_64, r-oldrel-macos-arm64, r-oldrel-macos-x86_64