Last updated on 2024-05-12 09:52:50 CEST.
Flavor | Version | Tinstall | Tcheck | Ttotal | Status | Flags |
---|---|---|---|---|---|---|
r-devel-linux-x86_64-debian-clang | 1.1.6 | 695.00 | 83.62 | 778.62 | NOTE | |
r-devel-linux-x86_64-debian-gcc | 1.1.6 | 615.00 | 55.11 | 670.11 | NOTE | |
r-devel-linux-x86_64-fedora-clang | 1.1.6 | 1377.41 | NOTE | |||
r-devel-linux-x86_64-fedora-gcc | 1.1.6 | 1412.60 | NOTE | |||
r-devel-windows-x86_64 | 1.1.6 | 670.00 | 143.00 | 813.00 | NOTE | |
r-patched-linux-x86_64 | 1.1.6 | 787.32 | 71.71 | 859.03 | NOTE | |
r-release-linux-x86_64 | 1.1.6 | 781.12 | 71.56 | 852.68 | NOTE | |
r-release-macos-arm64 | 1.1.6 | 188.00 | NOTE | |||
r-release-windows-x86_64 | 1.1.6 | 664.00 | 151.00 | 815.00 | NOTE | |
r-oldrel-macos-arm64 | 1.1.6 | 203.00 | NOTE | |||
r-oldrel-macos-x86_64 | 1.1.6 | 202.00 | NOTE | |||
r-oldrel-windows-x86_64 | 1.1.6 | 757.00 | 178.00 | 935.00 | NOTE |
Version: 1.1.6
Check: C++ specification
Result: NOTE
Specified C++11: please drop specification unless essential
Flavors: r-devel-linux-x86_64-debian-clang, r-devel-linux-x86_64-debian-gcc, r-devel-linux-x86_64-fedora-clang, r-devel-linux-x86_64-fedora-gcc, r-devel-windows-x86_64, r-patched-linux-x86_64, r-release-linux-x86_64, r-release-macos-arm64, r-release-windows-x86_64, r-oldrel-macos-arm64, r-oldrel-macos-x86_64, r-oldrel-windows-x86_64
Version: 1.1.6
Check: Rd cross-references
Result: NOTE
Undeclared package ‘sf’ in Rd xrefs
Flavor: r-devel-linux-x86_64-fedora-clang
Version: 1.1.6
Check: installed package size
Result: NOTE
installed size is 5.9Mb
sub-directories of 1Mb or more:
libs 4.8Mb
Flavors: r-devel-windows-x86_64, r-release-macos-arm64, r-release-windows-x86_64, r-oldrel-macos-arm64, r-oldrel-macos-x86_64, r-oldrel-windows-x86_64