Last updated on 2024-05-12 09:52:51 CEST.
Flavor | Version | Tinstall | Tcheck | Ttotal | Status | Flags |
---|---|---|---|---|---|---|
r-devel-linux-x86_64-debian-clang | 0.3.7 | 7.08 | 54.20 | 61.28 | NOTE | |
r-devel-linux-x86_64-debian-gcc | 0.3.7 | 4.84 | 41.76 | 46.60 | NOTE | |
r-devel-linux-x86_64-fedora-clang | 0.3.7 | 79.78 | NOTE | |||
r-devel-linux-x86_64-fedora-gcc | 0.3.7 | 106.26 | NOTE | |||
r-devel-windows-x86_64 | 0.3.7 | 7.00 | 75.00 | 82.00 | NOTE | |
r-patched-linux-x86_64 | 0.3.7 | 14.80 | 53.47 | 68.27 | NOTE | |
r-release-linux-x86_64 | 0.3.7 | 6.73 | 53.09 | 59.82 | NOTE | |
r-release-macos-arm64 | 0.3.7 | 32.00 | NOTE | |||
r-release-windows-x86_64 | 0.3.7 | 8.00 | 79.00 | 87.00 | NOTE | |
r-oldrel-macos-arm64 | 0.3.7 | 32.00 | OK | |||
r-oldrel-macos-x86_64 | 0.3.7 | 45.00 | OK | |||
r-oldrel-windows-x86_64 | 0.3.7 | 8.00 | 83.00 | 91.00 | OK |
Version: 0.3.7
Check: Rd files
Result: NOTE
checkRd: (-1) findElement.Rd:13: Lost braces; missing escapes or markup?
13 | \item{using}{Locator scheme to use to search the element, available schemes: {"class name", "css selector", "id", "name", "link text", "partial link text", "tag name", "xpath" }. Defaults to 'xpath'. Partial string matching is accepted.}
| ^
checkRd: (-1) findElementFromElement.Rd:14: Lost braces; missing escapes or markup?
14 | \item{using}{Locator scheme to use to search the element, available schemes: {"class name", "css selector", "id", "name", "link text", "partial link text", "tag name", "xpath" }. Defaults to 'xpath'. Partial string matching is accepted.}
| ^
checkRd: (-1) findElements.Rd:13: Lost braces; missing escapes or markup?
13 | \item{using}{Locator scheme to use to search the element, available schemes: {"class name", "css selector", "id", "name", "link text", "partial link text", "tag name", "xpath" }. Defaults to 'xpath'. Partial string matching is accepted.}
| ^
checkRd: (-1) findElementsFromElement.Rd:14: Lost braces; missing escapes or markup?
14 | \item{using}{Locator scheme to use to search the element, available schemes: {"class name", "css selector", "id", "name", "link text", "partial link text", "tag name", "xpath" }. Defaults to 'xpath'. Partial string matching is accepted.}
| ^
checkRd: (-1) remoteDr.Rd:19: Lost braces; missing escapes or markup?
19 | choices include {chrome|firefox|internet explorer|iphone|htmlunit}. Defaults to firefox.}
| ^
checkRd: (-1) remoteDr.Rd:23: Lost braces; missing escapes or markup?
23 | \item{platform}{Object of class \code{"character"}. A key specifying which platform the browser is running on. This value should be one of {WINDOWS|XP|VISTA|MAC|LINUX|UNIX}. When requesting a new session,
| ^
Flavors: r-devel-linux-x86_64-debian-clang, r-devel-linux-x86_64-debian-gcc, r-devel-linux-x86_64-fedora-clang, r-devel-linux-x86_64-fedora-gcc, r-devel-windows-x86_64, r-patched-linux-x86_64, r-release-linux-x86_64, r-release-macos-arm64, r-release-windows-x86_64