Last updated on 2025-11-13 09:51:02 CET.
| Flavor | Version | Tinstall | Tcheck | Ttotal | Status | Flags |
|---|---|---|---|---|---|---|
| r-devel-linux-x86_64-debian-clang | 1.1.7 | 26.91 | 172.35 | 199.26 | OK | |
| r-devel-linux-x86_64-debian-gcc | 1.1.7 | 17.34 | 124.38 | 141.72 | OK | |
| r-devel-linux-x86_64-fedora-clang | 1.1.7 | 109.00 | 213.00 | 322.00 | OK | |
| r-devel-linux-x86_64-fedora-gcc | 1.1.7 | 58.00 | 232.46 | 290.46 | OK | |
| r-devel-windows-x86_64 | 1.1.7 | 24.00 | 163.00 | 187.00 | OK | |
| r-patched-linux-x86_64 | 1.1.7 | 25.64 | 165.96 | 191.60 | OK | |
| r-release-linux-x86_64 | 1.1.7 | 22.67 | 165.57 | 188.24 | OK | |
| r-release-macos-arm64 | 1.1.7 | 10.00 | 64.00 | 74.00 | OK | |
| r-release-macos-x86_64 | 1.1.7 | 25.00 | 156.00 | 181.00 | OK | |
| r-release-windows-x86_64 | 1.1.7 | 25.00 | 159.00 | 184.00 | OK | |
| r-oldrel-macos-arm64 | 1.1.7 | 10.00 | 70.00 | 80.00 | OK | |
| r-oldrel-macos-x86_64 | 1.1.7 | 23.00 | 148.00 | 171.00 | OK | |
| r-oldrel-windows-x86_64 | 1.1.7 | 1.00 | 9.00 | 10.00 | ERROR |
Version: 1.1.7
Check: package dependencies
Result: ERROR
Package required but not available: 'OpenMx'
See section 'The DESCRIPTION file' in the 'Writing R Extensions'
manual.
Flavor: r-oldrel-windows-x86_64