Last updated on 2024-05-13 09:50:59 CEST.
Flavor | Version | Tinstall | Tcheck | Ttotal | Status | Flags |
---|---|---|---|---|---|---|
r-devel-linux-x86_64-debian-clang | 0.2.3 | 706.78 | 44.85 | 751.63 | NOTE | |
r-devel-linux-x86_64-debian-gcc | 0.2.3 | 630.80 | 34.53 | 665.33 | NOTE | |
r-devel-linux-x86_64-fedora-clang | 0.2.3 | 1247.50 | NOTE | |||
r-devel-linux-x86_64-fedora-gcc | 0.2.3 | 1375.05 | NOTE | |||
r-devel-windows-x86_64 | 0.2.3 | 668.00 | 86.00 | 754.00 | NOTE | |
r-patched-linux-x86_64 | 0.2.3 | 775.20 | 44.11 | 819.31 | NOTE | |
r-release-linux-x86_64 | 0.2.3 | 785.90 | 42.71 | 828.61 | NOTE | |
r-release-macos-arm64 | 0.2.3 | 185.00 | NOTE | |||
r-release-windows-x86_64 | 0.2.3 | 663.00 | 86.00 | 749.00 | NOTE | |
r-oldrel-macos-arm64 | 0.2.3 | 245.00 | NOTE | |||
r-oldrel-macos-x86_64 | 0.2.3 | 443.00 | NOTE | |||
r-oldrel-windows-x86_64 | 0.2.3 | 609.00 | 102.00 | 711.00 | NOTE |
Version: 0.2.3
Check: C++ specification
Result: NOTE
Specified C++11: please drop specification unless essential
Flavors: r-devel-linux-x86_64-debian-clang, r-devel-linux-x86_64-debian-gcc, r-devel-linux-x86_64-fedora-clang, r-devel-linux-x86_64-fedora-gcc, r-devel-windows-x86_64, r-patched-linux-x86_64, r-release-linux-x86_64, r-release-macos-arm64, r-release-windows-x86_64, r-oldrel-macos-arm64, r-oldrel-macos-x86_64, r-oldrel-windows-x86_64
Version: 0.2.3
Check: installed package size
Result: NOTE
installed size is 5.0Mb
sub-directories of 1Mb or more:
libs 3.3Mb
models 1.6Mb
Flavors: r-devel-windows-x86_64, r-release-macos-arm64, r-release-windows-x86_64, r-oldrel-macos-arm64, r-oldrel-macos-x86_64, r-oldrel-windows-x86_64