Last updated on 2025-10-31 08:50:27 CET.
| Flavor | Version | Tinstall | Tcheck | Ttotal | Status | Flags | 
|---|---|---|---|---|---|---|
| r-devel-linux-x86_64-debian-clang | 2024.2-1 | 1.70 | 24.51 | 26.21 | NOTE | |
| r-devel-linux-x86_64-debian-gcc | 2024.2-1 | 1.40 | 20.68 | 22.08 | NOTE | |
| r-devel-linux-x86_64-fedora-clang | 2024.2-1 | 39.72 | OK | |||
| r-devel-linux-x86_64-fedora-gcc | 2024.2-1 | 52.86 | OK | |||
| r-devel-windows-x86_64 | 2024.2-1 | 4.00 | 54.00 | 58.00 | OK | |
| r-patched-linux-x86_64 | 2024.2-1 | 1.85 | 23.26 | 25.11 | OK | |
| r-release-linux-x86_64 | 2024.2-1 | 1.67 | 23.33 | 25.00 | OK | |
| r-release-macos-arm64 | 2024.2-1 | 1.00 | 23.00 | 24.00 | OK | |
| r-release-macos-x86_64 | 2024.2-1 | 2.00 | 42.00 | 44.00 | OK | |
| r-release-windows-x86_64 | 2024.2-1 | 4.00 | 60.00 | 64.00 | OK | |
| r-oldrel-macos-arm64 | 2024.2-1 | 1.00 | 21.00 | 22.00 | OK | |
| r-oldrel-macos-x86_64 | 2024.2-1 | 1.00 | 32.00 | 33.00 | OK | |
| r-oldrel-windows-x86_64 | 2024.2-1 | 3.00 | 56.00 | 59.00 | OK | 
Version: 2024.2-1
Check: CRAN incoming feasibility
Result: NOTE
  Maintainer: ‘Paul Gilbert <pgilbert.ttv9z@ncf.ca>’
  
  No Authors@R field in DESCRIPTION.
  Please add one, modifying
    Authors@R: person(given = "Paul",
                      family = "Gilbert",
                      role = c("aut", "cre"),
                      email = "pgilbert.ttv9z@ncf.ca")
  as necessary.
Flavors: r-devel-linux-x86_64-debian-clang, r-devel-linux-x86_64-debian-gcc