Last updated on 2025-10-22 09:50:52 CEST.
Flavor | Version | Tinstall | Tcheck | Ttotal | Status | Flags |
---|---|---|---|---|---|---|
r-devel-linux-x86_64-debian-clang | 0.5.7 | 8.80 | 264.46 | 273.26 | NOTE | |
r-devel-linux-x86_64-debian-gcc | 0.5.7 | 5.94 | 170.85 | 176.79 | NOTE | |
r-devel-linux-x86_64-fedora-clang | 0.5.7 | 22.00 | 396.94 | 418.94 | OK | |
r-devel-linux-x86_64-fedora-gcc | 0.5.7 | 19.00 | 399.40 | 418.40 | OK | |
r-devel-windows-x86_64 | 0.5.7 | 10.00 | 282.00 | 292.00 | OK | |
r-patched-linux-x86_64 | 0.5.7 | 8.62 | 244.24 | 252.86 | OK | |
r-release-linux-x86_64 | 0.5.7 | 9.20 | 248.18 | 257.38 | OK | |
r-release-macos-arm64 | 0.5.7 | 4.00 | 119.00 | 123.00 | OK | |
r-release-macos-x86_64 | 0.5.7 | 9.00 | 243.00 | 252.00 | OK | |
r-release-windows-x86_64 | 0.5.7 | 11.00 | 279.00 | 290.00 | OK | |
r-oldrel-macos-arm64 | 0.5.7 | 5.00 | 115.00 | 120.00 | OK | |
r-oldrel-macos-x86_64 | 0.5.7 | 9.00 | 213.00 | 222.00 | OK | |
r-oldrel-windows-x86_64 | 0.5.7 | 14.00 | 349.00 | 363.00 | OK |
Version: 0.5.7
Check: HTML version of manual
Result: NOTE
Found the following HTML validation problems:
Define_sVar.html:223:1 (Define_sVar.Rd:115): Warning: missing </ul> before </div>
Define_sVar.html:114:1 (Define_sVar.Rd:49): Warning: <h5> anchor "Usage" already defined
Define_sVar.html:128:1 (Define_sVar.Rd:58): Warning: <h5> anchor "Usage" already defined
Define_sVar.html:142:1 (Define_sVar.Rd:67): Warning: <h5> anchor "Usage" already defined
Define_sVar.html:156:1 (Define_sVar.Rd:76): Warning: <h5> anchor "Usage" already defined
Define_sVar.html:170:1 (Define_sVar.Rd:85): Warning: <h5> anchor "Usage" already defined
Define_sVar.html:184:1 (Define_sVar.Rd:94): Warning: <h5> anchor "Usage" already defined
Define_sVar.html:200:1 (Define_sVar.Rd:104): Warning: <h5> anchor "Usage" already defined
NetIndClass.html:195:1 (NetIndClass.Rd:107): Warning: missing </ul> before </div>
NetIndClass.html:76:1 (NetIndClass.Rd:41): Warning: <h3> anchor "Methods" already defined
NetIndClass.html:124:1 (NetIndClass.Rd:64): Warning: <h5> anchor "Usage" already defined
NetIndClass.html:138:1 (NetIndClass.Rd:73): Warning: <h5> anchor "Usage" already defined
NetIndClass.html:156:1 (NetIndClass.Rd:86): Warning: <h5> anchor "Usage" already defined
NetIndClass.html:172:1 (NetIndClass.Rd:96): Warning: <h5> anchor "Usage" already defined
plotSurvEst.html:79:1 (plotSurvEst.Rd:31): Warning: missing </ul> before </div>
print.DAG.html:51:1 (print.DAG.Rd:12): Warning: missing </ul> before </div>
print.DAG.action.html:51:1 (print.DAG.action.Rd:12): Warning: missing </ul> before </div>
print.DAG.node.html:51:1 (print.DAG.node.Rd:12): Warning: missing </ul> before </div>
Flavors: r-devel-linux-x86_64-debian-clang, r-devel-linux-x86_64-debian-gcc