Last updated on 2025-10-24 09:50:18 CEST.
| Flavor | Version | Tinstall | Tcheck | Ttotal | Status | Flags |
|---|---|---|---|---|---|---|
| r-devel-linux-x86_64-debian-clang | 0.4.1 | 2.54 | 125.97 | 128.51 | NOTE | |
| r-devel-linux-x86_64-debian-gcc | 0.4.1 | 1.87 | 92.69 | 94.56 | OK | |
| r-devel-linux-x86_64-fedora-clang | 0.4.1 | 186.15 | OK | |||
| r-devel-linux-x86_64-fedora-gcc | 0.4.1 | 197.20 | OK | |||
| r-devel-windows-x86_64 | 0.4.1 | 4.00 | 122.00 | 126.00 | OK | |
| r-patched-linux-x86_64 | 0.4.1 | 3.27 | 121.58 | 124.85 | OK | |
| r-release-linux-x86_64 | 0.4.1 | 2.49 | 120.46 | 122.95 | OK | |
| r-release-macos-arm64 | 0.4.1 | 2.00 | 52.00 | 54.00 | OK | |
| r-release-macos-x86_64 | 0.4.1 | 2.00 | 91.00 | 93.00 | OK | |
| r-release-windows-x86_64 | 0.4.1 | 4.00 | 121.00 | 125.00 | OK | |
| r-oldrel-macos-arm64 | 0.4.1 | 1.00 | 52.00 | 53.00 | OK | |
| r-oldrel-macos-x86_64 | 0.4.1 | 6.00 | 137.00 | 143.00 | OK | |
| r-oldrel-windows-x86_64 | 0.4.1 | 5.00 | 151.00 | 156.00 | OK |
Version: 0.4.1
Check: HTML version of manual
Result: NOTE
Found the following HTML validation problems:
apply_array.html:55:1 (apply_array.Rd:14): Warning: missing </ul> before </div>
Flavor: r-devel-linux-x86_64-debian-clang