Last updated on 2024-05-12 09:52:51 CEST.
Flavor | Version | Tinstall | Tcheck | Ttotal | Status | Flags |
---|---|---|---|---|---|---|
r-devel-linux-x86_64-debian-clang | 1.0.0 | 73.66 | 61.26 | 134.92 | NOTE | |
r-devel-linux-x86_64-debian-gcc | 1.0.0 | 57.89 | 45.14 | 103.03 | NOTE | |
r-devel-linux-x86_64-fedora-clang | 1.0.0 | 192.29 | NOTE | |||
r-devel-linux-x86_64-fedora-gcc | 1.0.0 | 241.52 | NOTE | |||
r-devel-windows-x86_64 | 1.0.0 | 65.00 | 85.00 | 150.00 | OK | |
r-patched-linux-x86_64 | 1.0.0 | 70.31 | 58.76 | 129.07 | NOTE | |
r-release-linux-x86_64 | 1.0.0 | 62.27 | 57.48 | 119.75 | NOTE | |
r-release-macos-arm64 | 1.0.0 | 42.00 | NOTE | |||
r-release-windows-x86_64 | 1.0.0 | 66.00 | 82.00 | 148.00 | OK | |
r-oldrel-macos-arm64 | 1.0.0 | 50.00 | NOTE | |||
r-oldrel-macos-x86_64 | 1.0.0 | 78.00 | NOTE | |||
r-oldrel-windows-x86_64 | 1.0.0 | 81.00 | 96.00 | 177.00 | OK |
Version: 1.0.0
Check: C++ specification
Result: NOTE
Specified C++11: please drop specification unless essential
Flavors: r-devel-linux-x86_64-debian-clang, r-devel-linux-x86_64-debian-gcc, r-devel-linux-x86_64-fedora-clang, r-devel-linux-x86_64-fedora-gcc, r-patched-linux-x86_64, r-release-linux-x86_64, r-release-macos-arm64, r-oldrel-macos-arm64, r-oldrel-macos-x86_64
Version: 1.0.0
Check: dependencies in R code
Result: NOTE
Namespace in Imports field not imported from: ‘RcppArmadillo’
All declared Imports should be used.
Flavors: r-devel-linux-x86_64-fedora-clang, r-devel-linux-x86_64-fedora-gcc