Last updated on 2024-05-13 09:51:00 CEST.
Flavor | Version | Tinstall | Tcheck | Ttotal | Status | Flags |
---|---|---|---|---|---|---|
r-devel-linux-x86_64-debian-clang | 0.1.0 | 6.87 | 66.40 | 73.27 | NOTE | |
r-devel-linux-x86_64-debian-gcc | 0.1.0 | 5.55 | 48.73 | 54.28 | NOTE | |
r-devel-linux-x86_64-fedora-clang | 0.1.0 | 99.00 | NOTE | |||
r-devel-linux-x86_64-fedora-gcc | 0.1.0 | 207.57 | NOTE | |||
r-devel-windows-x86_64 | 0.1.0 | 7.00 | 69.00 | 76.00 | NOTE | |
r-patched-linux-x86_64 | 0.1.0 | 4.79 | 61.65 | 66.44 | NOTE | |
r-release-linux-x86_64 | 0.1.0 | 4.39 | 63.64 | 68.03 | NOTE | |
r-release-macos-arm64 | 0.1.0 | 28.00 | NOTE | |||
r-release-windows-x86_64 | 0.1.0 | 7.00 | 72.00 | 79.00 | NOTE | |
r-oldrel-macos-arm64 | 0.1.0 | 31.00 | NOTE | |||
r-oldrel-macos-x86_64 | 0.1.0 | 56.00 | NOTE | |||
r-oldrel-windows-x86_64 | 0.1.0 | 9.00 | 79.00 | 88.00 | NOTE |
Version: 0.1.0
Check: LazyData
Result: NOTE
'LazyData' is specified without a 'data' directory
Flavors: r-devel-linux-x86_64-debian-clang, r-devel-linux-x86_64-debian-gcc, r-devel-linux-x86_64-fedora-clang, r-devel-linux-x86_64-fedora-gcc, r-devel-windows-x86_64, r-patched-linux-x86_64, r-release-linux-x86_64, r-release-macos-arm64, r-release-windows-x86_64, r-oldrel-macos-arm64, r-oldrel-macos-x86_64, r-oldrel-windows-x86_64