Last updated on 2025-11-25 09:50:25 CET.
| Flavor | Version | Tinstall | Tcheck | Ttotal | Status | Flags |
|---|---|---|---|---|---|---|
| r-devel-linux-x86_64-debian-clang | 0.7.3 | 47.35 | 361.34 | 408.69 | OK | |
| r-devel-linux-x86_64-debian-gcc | 0.7.3 | 0.24 | 2.01 | 2.25 | ERROR | |
| r-devel-linux-x86_64-fedora-clang | 0.7.3 | 4.42 | ERROR | |||
| r-devel-linux-x86_64-fedora-gcc | 0.7.3 | 4.78 | ERROR | |||
| r-devel-windows-x86_64 | 0.7.3 | 78.00 | 320.00 | 398.00 | OK | |
| r-patched-linux-x86_64 | 0.7.3 | 49.52 | 345.24 | 394.76 | OK | |
| r-release-linux-x86_64 | 0.7.3 | 55.92 | 346.41 | 402.33 | OK | |
| r-release-macos-arm64 | 0.7.3 | OK | ||||
| r-release-macos-x86_64 | 0.7.3 | 62.00 | 248.00 | 310.00 | OK | |
| r-release-windows-x86_64 | 0.7.3 | 55.00 | 339.00 | 394.00 | OK | |
| r-oldrel-macos-arm64 | 0.7.3 | NOTE | ||||
| r-oldrel-macos-x86_64 | 0.7.3 | 51.00 | 334.00 | 385.00 | NOTE | |
| r-oldrel-windows-x86_64 | 0.7.3 | 74.00 | 443.00 | 517.00 | NOTE |
Version: 0.7.3
Check: package dependencies
Result: ERROR
Packages required but not available: 'mapview', 'tmap'
Packages suggested but not available for checking: 'leafem', 'leafgl'
See section ‘The DESCRIPTION file’ in the ‘Writing R Extensions’
manual.
Flavors: r-devel-linux-x86_64-debian-gcc, r-devel-linux-x86_64-fedora-clang, r-devel-linux-x86_64-fedora-gcc
Version: 0.7.3
Check: installed package size
Result: NOTE
installed size is 6.0Mb
sub-directories of 1Mb or more:
data 2.6Mb
help 1.4Mb
libs 1.9Mb
Flavors: r-oldrel-macos-arm64, r-oldrel-macos-x86_64, r-oldrel-windows-x86_64