Last updated on 2025-11-21 09:49:18 CET.
| Flavor | Version | Tinstall | Tcheck | Ttotal | Status | Flags |
|---|---|---|---|---|---|---|
| r-devel-linux-x86_64-debian-clang | 3.3-2 | 26.74 | 212.44 | 239.18 | OK | |
| r-devel-linux-x86_64-debian-gcc | 3.3-2 | 18.10 | 148.06 | 166.16 | OK | |
| r-devel-linux-x86_64-fedora-clang | 3.3-2 | 177.00 | 226.87 | 403.87 | OK | |
| r-devel-linux-x86_64-fedora-gcc | 3.3-2 | 188.00 | 209.31 | 397.31 | OK | |
| r-devel-windows-x86_64 | 3.3-2 | 51.00 | 260.00 | 311.00 | NOTE | |
| r-patched-linux-x86_64 | 3.3-2 | 34.41 | 194.44 | 228.85 | OK | |
| r-release-linux-x86_64 | 3.3-2 | 20.38 | 190.76 | 211.14 | OK | |
| r-release-macos-arm64 | 3.3-2 | OK | ||||
| r-release-macos-x86_64 | 3.3-2 | 26.00 | 192.00 | 218.00 | OK | |
| r-release-windows-x86_64 | 3.3-2 | 42.00 | 246.00 | 288.00 | OK | |
| r-oldrel-macos-arm64 | 3.3-2 | NOTE | ||||
| r-oldrel-macos-x86_64 | 3.3-2 | 26.00 | 187.00 | 213.00 | NOTE | |
| r-oldrel-windows-x86_64 | 3.3-2 | 49.00 | 302.00 | 351.00 | NOTE |
Version: 3.3-2
Check: Rd files
Result: NOTE
checkRd: (-1) sdr.lpp.Rd:60-66: Only 2 columns allowed in this table (row 3 has 1)
checkRd: (-1) sdr.lpp.Rd:60-66: Only 2 columns allowed in this table (row 4 has 1)
checkRd: (-1) sdr.lpp.Rd:60-66: Only 2 columns allowed in this table (row 5 has 1)
Flavor: r-devel-windows-x86_64
Version: 3.3-2
Check: package dependencies
Result: NOTE
Depends: includes the non-default packages:
'spatstat.data', 'spatstat.univar', 'spatstat.geom',
'spatstat.random', 'spatstat.explore', 'spatstat.model'
Adding so many packages to the search path is excessive and importing
selectively is preferable.
Flavors: r-oldrel-macos-arm64, r-oldrel-macos-x86_64, r-oldrel-windows-x86_64