Last updated on 2024-05-12 09:52:52 CEST.
Flavor | Version | Tinstall | Tcheck | Ttotal | Status | Flags |
---|---|---|---|---|---|---|
r-devel-linux-x86_64-debian-clang | 0.2.1 | 35.28 | 112.69 | 147.97 | OK | |
r-devel-linux-x86_64-debian-gcc | 0.2.1 | 26.40 | 81.50 | 107.90 | OK | |
r-devel-linux-x86_64-fedora-clang | 0.2.1 | 188.15 | NOTE | |||
r-devel-linux-x86_64-fedora-gcc | 0.2.1 | 251.11 | NOTE | |||
r-devel-windows-x86_64 | 0.2.1 | 29.00 | 113.00 | 142.00 | OK | |
r-patched-linux-x86_64 | 0.2.1 | 32.26 | 106.32 | 138.58 | OK | |
r-release-linux-x86_64 | 0.2.1 | 34.29 | 106.56 | 140.85 | OK | |
r-release-macos-arm64 | 0.2.1 | 54.00 | OK | |||
r-release-windows-x86_64 | 0.2.1 | 31.00 | 115.00 | 146.00 | OK | |
r-oldrel-macos-arm64 | 0.2.1 | 59.00 | OK | |||
r-oldrel-macos-x86_64 | 0.2.1 | 117.00 | OK | |||
r-oldrel-windows-x86_64 | 0.2.1 | 36.00 | 137.00 | 173.00 | OK |
Version: 0.2.1
Check: data for non-ASCII characters
Result: NOTE
Note: found 7504 marked UTF-8 strings
Flavors: r-devel-linux-x86_64-fedora-clang, r-devel-linux-x86_64-fedora-gcc