Last updated on 2024-04-27 09:49:24 CEST.
Flavor | Version | Tinstall | Tcheck | Ttotal | Status | Flags |
---|---|---|---|---|---|---|
r-devel-linux-x86_64-debian-clang | 2.0-2 | 151.39 | 222.40 | 373.79 | OK | |
r-devel-linux-x86_64-debian-gcc | 2.0-2 | 129.14 | 156.52 | 285.66 | OK | |
r-devel-linux-x86_64-fedora-clang | 2.0-2 | 562.22 | OK | |||
r-devel-linux-x86_64-fedora-gcc | 2.0-2 | 542.81 | OK | |||
r-devel-windows-x86_64 | 2.0-2 | 127.00 | 241.00 | 368.00 | OK | |
r-patched-linux-x86_64 | 2.0-2 | 156.87 | 204.09 | 360.96 | OK | |
r-release-linux-x86_64 | 2.0-1 | 150.72 | 203.86 | 354.58 | OK | |
r-release-macos-arm64 | 2.0-2 | 120.00 | NOTE | |||
r-release-macos-x86_64 | 2.0-2 | 315.00 | NOTE | |||
r-release-windows-x86_64 | 2.0-2 | 123.00 | 240.00 | 363.00 | OK | |
r-oldrel-macos-arm64 | 2.0-2 | 127.00 | NOTE | |||
r-oldrel-macos-x86_64 | 2.0-2 | 240.00 | NOTE | |||
r-oldrel-windows-x86_64 | 2.0-2 | 157.00 | 280.00 | 437.00 | OK |
Version: 2.0-2
Check: installed package size
Result: NOTE
installed size is 12.9Mb
sub-directories of 1Mb or more:
doc 1.7Mb
libs 9.9Mb
Flavors: r-release-macos-arm64, r-release-macos-x86_64, r-oldrel-macos-arm64, r-oldrel-macos-x86_64