Last updated on 2025-11-22 09:50:08 CET.
| Flavor | Version | Tinstall | Tcheck | Ttotal | Status | Flags |
|---|---|---|---|---|---|---|
| r-devel-linux-x86_64-debian-clang | 1.0.4 | 21.85 | 33.15 | 55.00 | OK | |
| r-devel-linux-x86_64-debian-gcc | 1.0.4 | 17.98 | 27.38 | 45.36 | OK | |
| r-devel-linux-x86_64-fedora-clang | 1.0.4 | 59.00 | 43.82 | 102.82 | OK | |
| r-devel-linux-x86_64-fedora-gcc | 1.0.4 | 46.00 | 61.84 | 107.84 | OK | |
| r-devel-windows-x86_64 | 1.0.4 | 42.00 | 71.00 | 113.00 | OK | |
| r-patched-linux-x86_64 | 1.0.4 | 24.75 | 30.57 | 55.32 | OK | |
| r-release-linux-x86_64 | 1.0.4 | 25.82 | 30.22 | 56.04 | OK | |
| r-release-macos-arm64 | 1.0.4 | OK | ||||
| r-release-macos-x86_64 | 1.0.4 | 25.00 | 72.00 | 97.00 | OK | |
| r-release-windows-x86_64 | 1.0.4 | 33.00 | 69.00 | 102.00 | OK | |
| r-oldrel-macos-arm64 | 1.0.4 | NOTE | ||||
| r-oldrel-macos-x86_64 | 1.0.4 | 21.00 | 51.00 | 72.00 | NOTE | |
| r-oldrel-windows-x86_64 | 1.0.4 | 43.00 | 82.00 | 125.00 | OK |
Version: 1.0.4
Check: installed package size
Result: NOTE
installed size is 23.5Mb
sub-directories of 1Mb or more:
libs 23.2Mb
Flavors: r-oldrel-macos-arm64, r-oldrel-macos-x86_64