Last updated on 2024-05-12 09:52:53 CEST.
Flavor | Version | Tinstall | Tcheck | Ttotal | Status | Flags |
---|---|---|---|---|---|---|
r-devel-linux-x86_64-debian-clang | 1.1.1 | 6.69 | 59.47 | 66.16 | OK | |
r-devel-linux-x86_64-debian-gcc | 1.1.1 | 5.33 | 44.93 | 50.26 | OK | |
r-devel-linux-x86_64-fedora-clang | 1.1.1 | 86.17 | NOTE | |||
r-devel-linux-x86_64-fedora-gcc | 1.1.1 | 127.61 | NOTE | |||
r-devel-windows-x86_64 | 1.1.1 | 8.00 | 66.00 | 74.00 | OK | |
r-patched-linux-x86_64 | 1.1.1 | 4.03 | 57.08 | 61.11 | OK | |
r-release-linux-x86_64 | 1.1.1 | 4.07 | 55.40 | 59.47 | OK | |
r-release-macos-arm64 | 1.1.1 | 33.00 | OK | |||
r-release-windows-x86_64 | 1.1.1 | 8.00 | 64.00 | 72.00 | OK | |
r-oldrel-macos-arm64 | 1.1.1 | 34.00 | OK | |||
r-oldrel-macos-x86_64 | 1.1.1 | 65.00 | OK | |||
r-oldrel-windows-x86_64 | 1.1.1 | 9.00 | 69.00 | 78.00 | OK |
Version: 1.1.1
Check: data for non-ASCII characters
Result: NOTE
Note: found 6 marked UTF-8 strings
Flavors: r-devel-linux-x86_64-fedora-clang, r-devel-linux-x86_64-fedora-gcc