Last updated on 2025-10-31 08:50:31 CET.
| Flavor | Version | Tinstall | Tcheck | Ttotal | Status | Flags | 
|---|---|---|---|---|---|---|
| r-devel-linux-x86_64-debian-clang | 1.3.1 | 1.98 | 36.01 | 37.99 | NOTE | |
| r-devel-linux-x86_64-debian-gcc | 1.3.1 | 1.61 | 28.47 | 30.08 | NOTE | |
| r-devel-linux-x86_64-fedora-clang | 1.3.1 | 58.22 | NOTE | |||
| r-devel-linux-x86_64-fedora-gcc | 1.3.1 | 88.25 | NOTE | |||
| r-devel-windows-x86_64 | 1.3.1 | 4.00 | 58.00 | 62.00 | NOTE | |
| r-patched-linux-x86_64 | 1.3.1 | 2.05 | 34.32 | 36.37 | NOTE | |
| r-release-linux-x86_64 | 1.3.1 | 1.87 | 34.71 | 36.58 | NOTE | |
| r-release-macos-arm64 | 1.3.1 | 1.00 | 33.00 | 34.00 | NOTE | |
| r-release-macos-x86_64 | 1.3.1 | 2.00 | 89.00 | 91.00 | NOTE | |
| r-release-windows-x86_64 | 1.3.1 | 5.00 | 62.00 | 67.00 | NOTE | |
| r-oldrel-macos-arm64 | 1.3.1 | 1.00 | 40.00 | 41.00 | NOTE | |
| r-oldrel-macos-x86_64 | 1.3.1 | 2.00 | 68.00 | 70.00 | NOTE | |
| r-oldrel-windows-x86_64 | 1.3.1 | 5.00 | 69.00 | 74.00 | NOTE | 
Version: 1.3.1
Check: dependencies in R code
Result: NOTE
  There are ::: calls to the package's namespace in its code. A package
    almost never needs to use ::: for its own objects:
    ‘log2console’
Flavors: r-devel-linux-x86_64-debian-clang, r-devel-linux-x86_64-debian-gcc, r-devel-linux-x86_64-fedora-clang, r-devel-linux-x86_64-fedora-gcc, r-devel-windows-x86_64, r-patched-linux-x86_64, r-release-linux-x86_64, r-release-macos-arm64, r-release-macos-x86_64, r-release-windows-x86_64, r-oldrel-macos-arm64, r-oldrel-macos-x86_64, r-oldrel-windows-x86_64