Last updated on 2024-05-13 09:51:02 CEST.
Flavor | Version | Tinstall | Tcheck | Ttotal | Status | Flags |
---|---|---|---|---|---|---|
r-devel-linux-x86_64-debian-clang | 0.9.0 | 37.34 | 63.22 | 100.56 | NOTE | |
r-devel-linux-x86_64-debian-gcc | 0.9.0 | 28.01 | 50.51 | 78.52 | NOTE | |
r-devel-linux-x86_64-fedora-clang | 0.9.0 | 140.73 | NOTE | |||
r-devel-linux-x86_64-fedora-gcc | 0.9.0 | 199.30 | NOTE | |||
r-devel-windows-x86_64 | 0.9.0 | 30.00 | 94.00 | 124.00 | NOTE | |
r-patched-linux-x86_64 | 0.9.0 | 40.09 | 63.67 | 103.76 | NOTE | |
r-release-linux-x86_64 | 0.9.0 | 37.51 | 63.62 | 101.13 | NOTE | |
r-release-macos-arm64 | 0.9.0 | 43.00 | NOTE | |||
r-release-windows-x86_64 | 0.9.0 | 30.00 | 90.00 | 120.00 | NOTE | |
r-oldrel-macos-arm64 | 0.9.0 | 47.00 | NOTE | |||
r-oldrel-macos-x86_64 | 0.9.0 | 75.00 | NOTE | |||
r-oldrel-windows-x86_64 | 0.9.0 | 37.00 | 104.00 | 141.00 | NOTE |
Version: 0.9.0
Check: Rd files
Result: NOTE
checkRd: (-1) sample_gen.Rd:18: Lost braces; missing escapes or markup?
18 | Generate \code{n} random samples from multivariate Gaussian distribution N(0, (L^TL)^{-1})
| ^
Flavors: r-devel-linux-x86_64-debian-clang, r-devel-linux-x86_64-debian-gcc, r-devel-linux-x86_64-fedora-clang, r-devel-linux-x86_64-fedora-gcc, r-devel-windows-x86_64, r-patched-linux-x86_64, r-release-linux-x86_64, r-release-macos-arm64, r-release-windows-x86_64
Version: 0.9.0
Check: LazyData
Result: NOTE
'LazyData' is specified without a 'data' directory
Flavors: r-devel-linux-x86_64-debian-clang, r-devel-linux-x86_64-debian-gcc, r-devel-linux-x86_64-fedora-clang, r-devel-linux-x86_64-fedora-gcc, r-devel-windows-x86_64, r-patched-linux-x86_64, r-release-linux-x86_64, r-release-macos-arm64, r-release-windows-x86_64, r-oldrel-macos-arm64, r-oldrel-macos-x86_64, r-oldrel-windows-x86_64
Version: 0.9.0
Check: compiled code
Result: NOTE
File ‘varband/libs/varband.so’:
Found no calls to: ‘R_registerRoutines’, ‘R_useDynamicSymbols’
It is good practice to register native routines and to disable symbol
search.
See ‘Writing portable packages’ in the ‘Writing R Extensions’ manual.
Flavors: r-devel-linux-x86_64-fedora-clang, r-devel-linux-x86_64-fedora-gcc